{"id":133,"date":"2015-09-24T19:50:36","date_gmt":"2015-09-24T18:50:36","guid":{"rendered":"http:\/\/www.en-autarcie.ch\/?page_id=133"},"modified":"2015-10-03T21:52:01","modified_gmt":"2015-10-03T20:52:01","slug":"133-2","status":"publish","type":"page","link":"http:\/\/www.en-autarcie.ch\/index.php\/maison-autarcique\/133-2\/","title":{"rendered":"Histoire et modernit\u00e9 des mat\u00e9riaux :"},"content":{"rendered":"<div class=\"fcbkbttn_buttons_block\" id=\"fcbkbttn_left\"><div class=\"fcbkbttn_button\">\n\t\t\t\t\t<a href=\"https:\/\/www.facebook.com\/\" target=\"_blank\">\n\t\t\t\t\t\t<img src=\"http:\/\/www.en-autarcie.ch\/wp-content\/plugins\/facebook-button-plugin\/images\/standard-facebook-ico.png\" alt=\"Fb-Button\" \/>\n\t\t\t\t\t<\/a>\n\t\t\t\t<\/div><div class=\"fcbkbttn_like \"><fb:like href=\"http:\/\/www.en-autarcie.ch\/index.php\/maison-autarcique\/133-2\/\" action=\"like\" colorscheme=\"light\" layout=\"standard\"  width=\"225px\" size=\"small\"><\/fb:like><\/div><\/div><p>En Suisse, comme dans le reste du monde, des maisons \u00e2g\u00e9es de plusieurs centaines d\u2019ann\u00e9es ont \u00e9t\u00e9 construites sans b\u00e9ton, sans fondations, avec du bois et de l\u2019argile extraite directement de la terre autour de la maison. Pourtant, elles tiennent encore debout et sont \u2013 sur le plan bioclimatique \u2013 souvent tr\u00e8s bien pens\u00e9es.<\/p>\n<p>&nbsp;<\/p>\n<p>Cependant, les niveaux d\u2019exigence actuels en termes de design, fonctionnalit\u00e9, luminosit\u00e9 et rapidit\u00e9 de mise en \u0153uvre ont amen\u00e9 \u00e0 ne plus utiliser de telles techniques. Ce projet, l\u00e0 o\u00f9 cela est possible, simplifiera les techniques constructives afin de pouvoir r\u00e9utiliser les m\u00e9thodes ancestrales, gages de lien avec la nature, de sant\u00e9 et de qualit\u00e9 de vie.<\/p>\n<p>&nbsp;<\/p>\n<p>En cas de modification ou destruction de la maison, la majorit\u00e9 des mat\u00e9riaux pourront \u00eatre r\u00e9utilis\u00e9s (bois de chemin\u00e9e par exemple) ou simplement \u00eatre mis au compost.<\/p>\n<p>&nbsp;<\/p>\n<p><a href=\"http:\/\/www.en-autarcie.ch\/wp-content\/uploads\/2015\/09\/Graphique-argile.png\"><img loading=\"lazy\" class=\"aligncenter size-full wp-image-130\" src=\"http:\/\/www.en-autarcie.ch\/wp-content\/uploads\/2015\/09\/Graphique-argile.png\" alt=\"Graphique argile\" width=\"947\" height=\"415\" srcset=\"http:\/\/www.en-autarcie.ch\/wp-content\/uploads\/2015\/09\/Graphique-argile.png 947w, http:\/\/www.en-autarcie.ch\/wp-content\/uploads\/2015\/09\/Graphique-argile-300x131.png 300w\" sizes=\"(max-width: 947px) 100vw, 947px\" \/><\/a><\/p>\n","protected":false},"excerpt":{"rendered":"<p>En Suisse, comme dans le reste du monde, des maisons \u00e2g\u00e9es de plusieurs centaines d\u2019ann\u00e9es ont \u00e9t\u00e9 construites sans b\u00e9ton, sans fondations, avec du bois et de l\u2019argile extraite directement de la terre autour de la maison. Pourtant, elles tiennent encore debout et sont \u2013 sur le plan bioclimatique \u2013 souvent tr\u00e8s bien pens\u00e9es. &nbsp; [&hellip;]<\/p>\n","protected":false},"author":1,"featured_media":210,"parent":18,"menu_order":0,"comment_status":"open","ping_status":"closed","template":"","meta":{"ngg_post_thumbnail":0},"yoast_head":"<!-- This site is optimized with the Yoast SEO plugin v20.6 - https:\/\/yoast.com\/wordpress\/plugins\/seo\/ -->\n<title>Histoire et modernit\u00e9 des mat\u00e9riaux : - Maison Autarcique<\/title>\n<meta name=\"robots\" content=\"index, follow, max-snippet:-1, max-image-preview:large, max-video-preview:-1\" \/>\n<link rel=\"canonical\" href=\"http:\/\/www.en-autarcie.ch\/index.php\/maison-autarcique\/133-2\/\" \/>\n<meta property=\"og:locale\" content=\"fr_FR\" \/>\n<meta property=\"og:type\" content=\"article\" \/>\n<meta property=\"og:title\" content=\"Histoire et modernit\u00e9 des mat\u00e9riaux : - Maison Autarcique\" \/>\n<meta property=\"og:description\" content=\"En Suisse, comme dans le reste du monde, des maisons \u00e2g\u00e9es de plusieurs centaines d\u2019ann\u00e9es ont \u00e9t\u00e9 construites sans b\u00e9ton, sans fondations, avec du bois et de l\u2019argile extraite directement de la terre autour de la maison. Pourtant, elles tiennent encore debout et sont \u2013 sur le plan bioclimatique \u2013 souvent tr\u00e8s bien pens\u00e9es. &nbsp; [&hellip;]\" \/>\n<meta property=\"og:url\" content=\"http:\/\/www.en-autarcie.ch\/index.php\/maison-autarcique\/133-2\/\" \/>\n<meta property=\"og:site_name\" content=\"Maison Autarcique\" \/>\n<meta property=\"article:modified_time\" content=\"2015-10-03T20:52:01+00:00\" \/>\n<meta property=\"og:image\" content=\"http:\/\/www.en-autarcie.ch\/wp-content\/uploads\/2015\/09\/Mat\u00e9riaux_PT.jpg\" \/>\n\t<meta property=\"og:image:width\" content=\"296\" \/>\n\t<meta property=\"og:image:height\" content=\"292\" \/>\n\t<meta property=\"og:image:type\" content=\"image\/jpeg\" \/>\n<meta name=\"twitter:card\" content=\"summary_large_image\" \/>\n<meta name=\"twitter:label1\" content=\"Dur\u00e9e de lecture estim\u00e9e\" \/>\n\t<meta name=\"twitter:data1\" content=\"1 minute\" \/>\n<script type=\"application\/ld+json\" class=\"yoast-schema-graph\">{\"@context\":\"https:\/\/schema.org\",\"@graph\":[{\"@type\":\"WebPage\",\"@id\":\"http:\/\/www.en-autarcie.ch\/index.php\/maison-autarcique\/133-2\/\",\"url\":\"http:\/\/www.en-autarcie.ch\/index.php\/maison-autarcique\/133-2\/\",\"name\":\"Histoire et modernit\u00e9 des mat\u00e9riaux : - Maison Autarcique\",\"isPartOf\":{\"@id\":\"http:\/\/www.en-autarcie.ch\/#website\"},\"datePublished\":\"2015-09-24T18:50:36+00:00\",\"dateModified\":\"2015-10-03T20:52:01+00:00\",\"breadcrumb\":{\"@id\":\"http:\/\/www.en-autarcie.ch\/index.php\/maison-autarcique\/133-2\/#breadcrumb\"},\"inLanguage\":\"fr-FR\",\"potentialAction\":[{\"@type\":\"ReadAction\",\"target\":[\"http:\/\/www.en-autarcie.ch\/index.php\/maison-autarcique\/133-2\/\"]}]},{\"@type\":\"BreadcrumbList\",\"@id\":\"http:\/\/www.en-autarcie.ch\/index.php\/maison-autarcique\/133-2\/#breadcrumb\",\"itemListElement\":[{\"@type\":\"ListItem\",\"position\":1,\"name\":\"Accueil\",\"item\":\"http:\/\/www.en-autarcie.ch\/\"},{\"@type\":\"ListItem\",\"position\":2,\"name\":\"Maison autarcique\",\"item\":\"http:\/\/www.en-autarcie.ch\/index.php\/maison-autarcique\/\"},{\"@type\":\"ListItem\",\"position\":3,\"name\":\"Histoire et modernit\u00e9 des mat\u00e9riaux :\"}]},{\"@type\":\"WebSite\",\"@id\":\"http:\/\/www.en-autarcie.ch\/#website\",\"url\":\"http:\/\/www.en-autarcie.ch\/\",\"name\":\"Maison Autarcique\",\"description\":\"Premi\u00e8re maison autarcique, low-tech et permaculture de Suisse.\",\"potentialAction\":[{\"@type\":\"SearchAction\",\"target\":{\"@type\":\"EntryPoint\",\"urlTemplate\":\"http:\/\/www.en-autarcie.ch\/?s={search_term_string}\"},\"query-input\":\"required name=search_term_string\"}],\"inLanguage\":\"fr-FR\"}]}<\/script>\n<!-- \/ Yoast SEO plugin. -->","yoast_head_json":{"title":"Histoire et modernit\u00e9 des mat\u00e9riaux : - Maison Autarcique","robots":{"index":"index","follow":"follow","max-snippet":"max-snippet:-1","max-image-preview":"max-image-preview:large","max-video-preview":"max-video-preview:-1"},"canonical":"http:\/\/www.en-autarcie.ch\/index.php\/maison-autarcique\/133-2\/","og_locale":"fr_FR","og_type":"article","og_title":"Histoire et modernit\u00e9 des mat\u00e9riaux : - Maison Autarcique","og_description":"En Suisse, comme dans le reste du monde, des maisons \u00e2g\u00e9es de plusieurs centaines d\u2019ann\u00e9es ont \u00e9t\u00e9 construites sans b\u00e9ton, sans fondations, avec du bois et de l\u2019argile extraite directement de la terre autour de la maison. Pourtant, elles tiennent encore debout et sont \u2013 sur le plan bioclimatique \u2013 souvent tr\u00e8s bien pens\u00e9es. &nbsp; [&hellip;]","og_url":"http:\/\/www.en-autarcie.ch\/index.php\/maison-autarcique\/133-2\/","og_site_name":"Maison Autarcique","article_modified_time":"2015-10-03T20:52:01+00:00","og_image":[{"width":296,"height":292,"url":"http:\/\/www.en-autarcie.ch\/wp-content\/uploads\/2015\/09\/Mat\u00e9riaux_PT.jpg","type":"image\/jpeg"}],"twitter_card":"summary_large_image","twitter_misc":{"Dur\u00e9e de lecture estim\u00e9e":"1 minute"},"schema":{"@context":"https:\/\/schema.org","@graph":[{"@type":"WebPage","@id":"http:\/\/www.en-autarcie.ch\/index.php\/maison-autarcique\/133-2\/","url":"http:\/\/www.en-autarcie.ch\/index.php\/maison-autarcique\/133-2\/","name":"Histoire et modernit\u00e9 des mat\u00e9riaux : - Maison Autarcique","isPartOf":{"@id":"http:\/\/www.en-autarcie.ch\/#website"},"datePublished":"2015-09-24T18:50:36+00:00","dateModified":"2015-10-03T20:52:01+00:00","breadcrumb":{"@id":"http:\/\/www.en-autarcie.ch\/index.php\/maison-autarcique\/133-2\/#breadcrumb"},"inLanguage":"fr-FR","potentialAction":[{"@type":"ReadAction","target":["http:\/\/www.en-autarcie.ch\/index.php\/maison-autarcique\/133-2\/"]}]},{"@type":"BreadcrumbList","@id":"http:\/\/www.en-autarcie.ch\/index.php\/maison-autarcique\/133-2\/#breadcrumb","itemListElement":[{"@type":"ListItem","position":1,"name":"Accueil","item":"http:\/\/www.en-autarcie.ch\/"},{"@type":"ListItem","position":2,"name":"Maison autarcique","item":"http:\/\/www.en-autarcie.ch\/index.php\/maison-autarcique\/"},{"@type":"ListItem","position":3,"name":"Histoire et modernit\u00e9 des mat\u00e9riaux :"}]},{"@type":"WebSite","@id":"http:\/\/www.en-autarcie.ch\/#website","url":"http:\/\/www.en-autarcie.ch\/","name":"Maison Autarcique","description":"Premi\u00e8re maison autarcique, low-tech et permaculture de Suisse.","potentialAction":[{"@type":"SearchAction","target":{"@type":"EntryPoint","urlTemplate":"http:\/\/www.en-autarcie.ch\/?s={search_term_string}"},"query-input":"required name=search_term_string"}],"inLanguage":"fr-FR"}]}},"_links":{"self":[{"href":"http:\/\/www.en-autarcie.ch\/index.php\/wp-json\/wp\/v2\/pages\/133"}],"collection":[{"href":"http:\/\/www.en-autarcie.ch\/index.php\/wp-json\/wp\/v2\/pages"}],"about":[{"href":"http:\/\/www.en-autarcie.ch\/index.php\/wp-json\/wp\/v2\/types\/page"}],"author":[{"embeddable":true,"href":"http:\/\/www.en-autarcie.ch\/index.php\/wp-json\/wp\/v2\/users\/1"}],"replies":[{"embeddable":true,"href":"http:\/\/www.en-autarcie.ch\/index.php\/wp-json\/wp\/v2\/comments?post=133"}],"version-history":[{"count":4,"href":"http:\/\/www.en-autarcie.ch\/index.php\/wp-json\/wp\/v2\/pages\/133\/revisions"}],"predecessor-version":[{"id":137,"href":"http:\/\/www.en-autarcie.ch\/index.php\/wp-json\/wp\/v2\/pages\/133\/revisions\/137"}],"up":[{"embeddable":true,"href":"http:\/\/www.en-autarcie.ch\/index.php\/wp-json\/wp\/v2\/pages\/18"}],"wp:featuredmedia":[{"embeddable":true,"href":"http:\/\/www.en-autarcie.ch\/index.php\/wp-json\/wp\/v2\/media\/210"}],"wp:attachment":[{"href":"http:\/\/www.en-autarcie.ch\/index.php\/wp-json\/wp\/v2\/media?parent=133"}],"curies":[{"name":"wp","href":"https:\/\/api.w.org\/{rel}","templated":true}]}}