{"id":23,"date":"2015-09-18T18:52:58","date_gmt":"2015-09-18T17:52:58","guid":{"rendered":"http:\/\/localhost\/wordpress\/?page_id=23"},"modified":"2017-03-30T15:43:17","modified_gmt":"2017-03-30T14:43:17","slug":"qui-sommes-nous","status":"publish","type":"page","link":"http:\/\/www.en-autarcie.ch\/index.php\/qui-sommes-nous\/","title":{"rendered":"Le porteur du projet."},"content":{"rendered":"<div class=\"fcbkbttn_buttons_block\" id=\"fcbkbttn_left\"><div class=\"fcbkbttn_button\">\n\t\t\t\t\t<a href=\"https:\/\/www.facebook.com\/\" target=\"_blank\">\n\t\t\t\t\t\t<img src=\"http:\/\/www.en-autarcie.ch\/wp-content\/plugins\/facebook-button-plugin\/images\/standard-facebook-ico.png\" alt=\"Fb-Button\" \/>\n\t\t\t\t\t<\/a>\n\t\t\t\t<\/div><div class=\"fcbkbttn_like \"><fb:like href=\"http:\/\/www.en-autarcie.ch\/index.php\/qui-sommes-nous\/\" action=\"like\" colorscheme=\"light\" layout=\"standard\"  width=\"225px\" size=\"small\"><\/fb:like><\/div><\/div><p><a href=\"http:\/\/www.en-autarcie.ch\/wp-content\/uploads\/2015\/09\/Porteur-de-projet.png\"><img loading=\"lazy\" class=\"aligncenter wp-image-1016 size-large\" src=\"http:\/\/www.en-autarcie.ch\/wp-content\/uploads\/2015\/09\/Porteur-de-projet-1024x784.png\" alt=\"\" width=\"718\" height=\"550\" srcset=\"http:\/\/www.en-autarcie.ch\/wp-content\/uploads\/2015\/09\/Porteur-de-projet-1024x784.png 1024w, http:\/\/www.en-autarcie.ch\/wp-content\/uploads\/2015\/09\/Porteur-de-projet-300x230.png 300w, http:\/\/www.en-autarcie.ch\/wp-content\/uploads\/2015\/09\/Porteur-de-projet-768x588.png 768w, http:\/\/www.en-autarcie.ch\/wp-content\/uploads\/2015\/09\/Porteur-de-projet.png 1200w\" sizes=\"(max-width: 718px) 100vw, 718px\" \/><\/a><\/p>\n<p>&nbsp;<\/p>\n<h4><\/h4>\n<p><strong>Marc Muller <\/strong><\/p>\n<p>est ing\u00e9nieur en\u00a0\u00e9nergie et dipl\u00f4m\u00e9 MBA. Il est actuellement en cours de cr\u00e9ation d&rsquo;une start-up dans le domaine des constructions \u00e9cologiques (<a href=\"http:\/\/www.impact-living.ch\">www.impact-living.ch<\/a>). Pr\u00e9c\u00e9dement, il a travaill\u00e9 pour\u00a0la conf\u00e9d\u00e9ration comme responsable du\u00a0domaine solaire et particip\u00e9 \u00e0\u00a0l\u2019\u00e9laboration de la politique de sortie du\u00a0nucl\u00e9aire de la Suisse.\u00a0Passionn\u00e9 par l\u2019\u00e9nergie depuis toujours, il\u00a0a notamment r\u00e9alis\u00e9 une exp\u00e9dition\u00a0autour du monde en v\u00e9hicule \u00e9olio-solaire\u00a0durant deux ann\u00e9es (projet\u00a0ICARE).<\/p>\n<p>&nbsp;<\/p>\n<p><strong>Les copains de Ch\u00e2tillon<\/strong><\/p>\n<p>En faisant un petit crochet par Ch\u00e2tillon, vous verrez certainement Marc entrain de d\u00e9placer quelques bottes de paille, mais aussi Lilou (le chat), Lupita (la chienne), des poules, un coq et toutes sortes d&rsquo;animaux apprivois\u00e9s ou non. Eux aussi appr\u00e9cient de vivre dans une maison \u00e9cologique!<\/p>\n","protected":false},"excerpt":{"rendered":"<p>&nbsp; Marc Muller est ing\u00e9nieur en\u00a0\u00e9nergie et dipl\u00f4m\u00e9 MBA. Il est actuellement en cours de cr\u00e9ation d&rsquo;une start-up dans le domaine des constructions \u00e9cologiques (www.impact-living.ch). Pr\u00e9c\u00e9dement, il a travaill\u00e9 pour\u00a0la conf\u00e9d\u00e9ration comme responsable du\u00a0domaine solaire et particip\u00e9 \u00e0\u00a0l\u2019\u00e9laboration de la politique de sortie du\u00a0nucl\u00e9aire de la Suisse.\u00a0Passionn\u00e9 par l\u2019\u00e9nergie depuis toujours, il\u00a0a notamment r\u00e9alis\u00e9 une [&hellip;]<\/p>\n","protected":false},"author":1,"featured_media":0,"parent":0,"menu_order":0,"comment_status":"closed","ping_status":"closed","template":"","meta":{"ngg_post_thumbnail":0},"yoast_head":"<!-- This site is optimized with the Yoast SEO plugin v20.6 - https:\/\/yoast.com\/wordpress\/plugins\/seo\/ -->\n<title>Le porteur du projet. - Maison Autarcique<\/title>\n<meta name=\"robots\" content=\"index, follow, max-snippet:-1, max-image-preview:large, max-video-preview:-1\" \/>\n<link rel=\"canonical\" href=\"http:\/\/www.en-autarcie.ch\/index.php\/qui-sommes-nous\/\" \/>\n<meta property=\"og:locale\" content=\"fr_FR\" \/>\n<meta property=\"og:type\" content=\"article\" \/>\n<meta property=\"og:title\" content=\"Le porteur du projet. - Maison Autarcique\" \/>\n<meta property=\"og:description\" content=\"&nbsp; Marc Muller est ing\u00e9nieur en\u00a0\u00e9nergie et dipl\u00f4m\u00e9 MBA. Il est actuellement en cours de cr\u00e9ation d&rsquo;une start-up dans le domaine des constructions \u00e9cologiques (www.impact-living.ch). Pr\u00e9c\u00e9dement, il a travaill\u00e9 pour\u00a0la conf\u00e9d\u00e9ration comme responsable du\u00a0domaine solaire et particip\u00e9 \u00e0\u00a0l\u2019\u00e9laboration de la politique de sortie du\u00a0nucl\u00e9aire de la Suisse.\u00a0Passionn\u00e9 par l\u2019\u00e9nergie depuis toujours, il\u00a0a notamment r\u00e9alis\u00e9 une [&hellip;]\" \/>\n<meta property=\"og:url\" content=\"http:\/\/www.en-autarcie.ch\/index.php\/qui-sommes-nous\/\" \/>\n<meta property=\"og:site_name\" content=\"Maison Autarcique\" \/>\n<meta property=\"article:modified_time\" content=\"2017-03-30T14:43:17+00:00\" \/>\n<meta property=\"og:image\" content=\"http:\/\/www.en-autarcie.ch\/wp-content\/uploads\/2015\/09\/Porteur-de-projet-1024x784.png\" \/>\n<meta name=\"twitter:card\" content=\"summary_large_image\" \/>\n<meta name=\"twitter:label1\" content=\"Dur\u00e9e de lecture estim\u00e9e\" \/>\n\t<meta name=\"twitter:data1\" content=\"1 minute\" \/>\n<script type=\"application\/ld+json\" class=\"yoast-schema-graph\">{\"@context\":\"https:\/\/schema.org\",\"@graph\":[{\"@type\":\"WebPage\",\"@id\":\"http:\/\/www.en-autarcie.ch\/index.php\/qui-sommes-nous\/\",\"url\":\"http:\/\/www.en-autarcie.ch\/index.php\/qui-sommes-nous\/\",\"name\":\"Le porteur du projet. - Maison Autarcique\",\"isPartOf\":{\"@id\":\"http:\/\/www.en-autarcie.ch\/#website\"},\"datePublished\":\"2015-09-18T17:52:58+00:00\",\"dateModified\":\"2017-03-30T14:43:17+00:00\",\"breadcrumb\":{\"@id\":\"http:\/\/www.en-autarcie.ch\/index.php\/qui-sommes-nous\/#breadcrumb\"},\"inLanguage\":\"fr-FR\",\"potentialAction\":[{\"@type\":\"ReadAction\",\"target\":[\"http:\/\/www.en-autarcie.ch\/index.php\/qui-sommes-nous\/\"]}]},{\"@type\":\"BreadcrumbList\",\"@id\":\"http:\/\/www.en-autarcie.ch\/index.php\/qui-sommes-nous\/#breadcrumb\",\"itemListElement\":[{\"@type\":\"ListItem\",\"position\":1,\"name\":\"Accueil\",\"item\":\"http:\/\/www.en-autarcie.ch\/\"},{\"@type\":\"ListItem\",\"position\":2,\"name\":\"Le porteur du projet.\"}]},{\"@type\":\"WebSite\",\"@id\":\"http:\/\/www.en-autarcie.ch\/#website\",\"url\":\"http:\/\/www.en-autarcie.ch\/\",\"name\":\"Maison Autarcique\",\"description\":\"Premi\u00e8re maison autarcique, low-tech et permaculture de Suisse.\",\"potentialAction\":[{\"@type\":\"SearchAction\",\"target\":{\"@type\":\"EntryPoint\",\"urlTemplate\":\"http:\/\/www.en-autarcie.ch\/?s={search_term_string}\"},\"query-input\":\"required name=search_term_string\"}],\"inLanguage\":\"fr-FR\"}]}<\/script>\n<!-- \/ Yoast SEO plugin. -->","yoast_head_json":{"title":"Le porteur du projet. - Maison Autarcique","robots":{"index":"index","follow":"follow","max-snippet":"max-snippet:-1","max-image-preview":"max-image-preview:large","max-video-preview":"max-video-preview:-1"},"canonical":"http:\/\/www.en-autarcie.ch\/index.php\/qui-sommes-nous\/","og_locale":"fr_FR","og_type":"article","og_title":"Le porteur du projet. - Maison Autarcique","og_description":"&nbsp; Marc Muller est ing\u00e9nieur en\u00a0\u00e9nergie et dipl\u00f4m\u00e9 MBA. Il est actuellement en cours de cr\u00e9ation d&rsquo;une start-up dans le domaine des constructions \u00e9cologiques (www.impact-living.ch). Pr\u00e9c\u00e9dement, il a travaill\u00e9 pour\u00a0la conf\u00e9d\u00e9ration comme responsable du\u00a0domaine solaire et particip\u00e9 \u00e0\u00a0l\u2019\u00e9laboration de la politique de sortie du\u00a0nucl\u00e9aire de la Suisse.\u00a0Passionn\u00e9 par l\u2019\u00e9nergie depuis toujours, il\u00a0a notamment r\u00e9alis\u00e9 une [&hellip;]","og_url":"http:\/\/www.en-autarcie.ch\/index.php\/qui-sommes-nous\/","og_site_name":"Maison Autarcique","article_modified_time":"2017-03-30T14:43:17+00:00","og_image":[{"url":"http:\/\/www.en-autarcie.ch\/wp-content\/uploads\/2015\/09\/Porteur-de-projet-1024x784.png"}],"twitter_card":"summary_large_image","twitter_misc":{"Dur\u00e9e de lecture estim\u00e9e":"1 minute"},"schema":{"@context":"https:\/\/schema.org","@graph":[{"@type":"WebPage","@id":"http:\/\/www.en-autarcie.ch\/index.php\/qui-sommes-nous\/","url":"http:\/\/www.en-autarcie.ch\/index.php\/qui-sommes-nous\/","name":"Le porteur du projet. - Maison Autarcique","isPartOf":{"@id":"http:\/\/www.en-autarcie.ch\/#website"},"datePublished":"2015-09-18T17:52:58+00:00","dateModified":"2017-03-30T14:43:17+00:00","breadcrumb":{"@id":"http:\/\/www.en-autarcie.ch\/index.php\/qui-sommes-nous\/#breadcrumb"},"inLanguage":"fr-FR","potentialAction":[{"@type":"ReadAction","target":["http:\/\/www.en-autarcie.ch\/index.php\/qui-sommes-nous\/"]}]},{"@type":"BreadcrumbList","@id":"http:\/\/www.en-autarcie.ch\/index.php\/qui-sommes-nous\/#breadcrumb","itemListElement":[{"@type":"ListItem","position":1,"name":"Accueil","item":"http:\/\/www.en-autarcie.ch\/"},{"@type":"ListItem","position":2,"name":"Le porteur du projet."}]},{"@type":"WebSite","@id":"http:\/\/www.en-autarcie.ch\/#website","url":"http:\/\/www.en-autarcie.ch\/","name":"Maison Autarcique","description":"Premi\u00e8re maison autarcique, low-tech et permaculture de Suisse.","potentialAction":[{"@type":"SearchAction","target":{"@type":"EntryPoint","urlTemplate":"http:\/\/www.en-autarcie.ch\/?s={search_term_string}"},"query-input":"required name=search_term_string"}],"inLanguage":"fr-FR"}]}},"_links":{"self":[{"href":"http:\/\/www.en-autarcie.ch\/index.php\/wp-json\/wp\/v2\/pages\/23"}],"collection":[{"href":"http:\/\/www.en-autarcie.ch\/index.php\/wp-json\/wp\/v2\/pages"}],"about":[{"href":"http:\/\/www.en-autarcie.ch\/index.php\/wp-json\/wp\/v2\/types\/page"}],"author":[{"embeddable":true,"href":"http:\/\/www.en-autarcie.ch\/index.php\/wp-json\/wp\/v2\/users\/1"}],"replies":[{"embeddable":true,"href":"http:\/\/www.en-autarcie.ch\/index.php\/wp-json\/wp\/v2\/comments?post=23"}],"version-history":[{"count":9,"href":"http:\/\/www.en-autarcie.ch\/index.php\/wp-json\/wp\/v2\/pages\/23\/revisions"}],"predecessor-version":[{"id":1020,"href":"http:\/\/www.en-autarcie.ch\/index.php\/wp-json\/wp\/v2\/pages\/23\/revisions\/1020"}],"wp:attachment":[{"href":"http:\/\/www.en-autarcie.ch\/index.php\/wp-json\/wp\/v2\/media?parent=23"}],"curies":[{"name":"wp","href":"https:\/\/api.w.org\/{rel}","templated":true}]}}

<div class="fcbkbttn_buttons_block" id="fcbkbttn_left"><div class="fcbkbttn_button">
					<a href="https://www.facebook.com/" target="_blank">
						<img src="http://www.en-autarcie.ch/wp-content/plugins/facebook-button-plugin/images/standard-facebook-ico.png" alt="Fb-Button" />
					</a>
				</div><div class="fcbkbttn_like "><fb:like href="http://www.en-autarcie.ch/index.php/qui-sommes-nous/" action="like" colorscheme="light" layout="standard"  width="225px" size="small"></fb:like></div></div><p><a href="http://www.en-autarcie.ch/wp-content/uploads/2015/09/Porteur-de-projet.png"><img loading="lazy" class="aligncenter wp-image-1016 size-large" src="http://www.en-autarcie.ch/wp-content/uploads/2015/09/Porteur-de-projet-1024x784.png" alt="" width="718" height="550" srcset="http://www.en-autarcie.ch/wp-content/uploads/2015/09/Porteur-de-projet-1024x784.png 1024w, http://www.en-autarcie.ch/wp-content/uploads/2015/09/Porteur-de-projet-300x230.png 300w, http://www.en-autarcie.ch/wp-content/uploads/2015/09/Porteur-de-projet-768x588.png 768w, http://www.en-autarcie.ch/wp-content/uploads/2015/09/Porteur-de-projet.png 1200w" sizes="(max-width: 718px) 100vw, 718px" /></a></p>
<p>&nbsp;</p>
<h4></h4>
<p><strong>Marc Muller </strong></p>
<p>est ingénieur en énergie et diplômé MBA. Il est actuellement en cours de création d&rsquo;une start-up dans le domaine des constructions écologiques (<a href="http://www.impact-living.ch">www.impact-living.ch</a>). Précédement, il a travaillé pour la confédération comme responsable du domaine solaire et participé à l’élaboration de la politique de sortie du nucléaire de la Suisse. Passionné par l’énergie depuis toujours, il a notamment réalisé une expédition autour du monde en véhicule éolio-solaire durant deux années (projet ICARE).</p>
<p>&nbsp;</p>
<p><strong>Les copains de Châtillon</strong></p>
<p>En faisant un petit crochet par Châtillon, vous verrez certainement Marc entrain de déplacer quelques bottes de paille, mais aussi Lilou (le chat), Lupita (la chienne), des poules, un coq et toutes sortes d&rsquo;animaux apprivoisés ou non. Eux aussi apprécient de vivre dans une maison écologique!</p>

<p>&nbsp; Marc Muller est ingénieur en énergie et diplômé MBA. Il est actuellement en cours de création d&rsquo;une start-up dans le domaine des constructions écologiques (www.impact-living.ch). Précédement, il a travaillé pour la confédération comme responsable du domaine solaire et participé à l’élaboration de la politique de sortie du nucléaire de la Suisse. Passionné par l’énergie depuis toujours, il a notamment réalisé une [&hellip;]</p>

<!-- This site is optimized with the Yoast SEO plugin v20.6 - https://yoast.com/wordpress/plugins/seo/ -->
<title>Le porteur du projet. - Maison Autarcique</title>
<meta name="robots" content="index, follow, max-snippet:-1, max-image-preview:large, max-video-preview:-1" />
<link rel="canonical" href="http://www.en-autarcie.ch/index.php/qui-sommes-nous/" />
<meta property="og:locale" content="fr_FR" />
<meta property="og:type" content="article" />
<meta property="og:title" content="Le porteur du projet. - Maison Autarcique" />
<meta property="og:description" content="&nbsp; Marc Muller est ingénieur en énergie et diplômé MBA. Il est actuellement en cours de création d&rsquo;une start-up dans le domaine des constructions écologiques (www.impact-living.ch). Précédement, il a travaillé pour la confédération comme responsable du domaine solaire et participé à l’élaboration de la politique de sortie du nucléaire de la Suisse. Passionné par l’énergie depuis toujours, il a notamment réalisé une [&hellip;]" />
<meta property="og:url" content="http://www.en-autarcie.ch/index.php/qui-sommes-nous/" />
<meta property="og:site_name" content="Maison Autarcique" />
<meta property="article:modified_time" content="2017-03-30T14:43:17+00:00" />
<meta property="og:image" content="http://www.en-autarcie.ch/wp-content/uploads/2015/09/Porteur-de-projet-1024x784.png" />
<meta name="twitter:card" content="summary_large_image" />
<meta name="twitter:label1" content="Durée de lecture estimée" />
	<meta name="twitter:data1" content="1 minute" />
<script type="application/ld+json" class="yoast-schema-graph">{"@context":"https://schema.org","@graph":[{"@type":"WebPage","@id":"http://www.en-autarcie.ch/index.php/qui-sommes-nous/","url":"http://www.en-autarcie.ch/index.php/qui-sommes-nous/","name":"Le porteur du projet. - Maison Autarcique","isPartOf":{"@id":"http://www.en-autarcie.ch/#website"},"datePublished":"2015-09-18T17:52:58+00:00","dateModified":"2017-03-30T14:43:17+00:00","breadcrumb":{"@id":"http://www.en-autarcie.ch/index.php/qui-sommes-nous/#breadcrumb"},"inLanguage":"fr-FR","potentialAction":[{"@type":"ReadAction","target":["http://www.en-autarcie.ch/index.php/qui-sommes-nous/"]}]},{"@type":"BreadcrumbList","@id":"http://www.en-autarcie.ch/index.php/qui-sommes-nous/#breadcrumb","itemListElement":[{"@type":"ListItem","position":1,"name":"Accueil","item":"http://www.en-autarcie.ch/"},{"@type":"ListItem","position":2,"name":"Le porteur du projet."}]},{"@type":"WebSite","@id":"http://www.en-autarcie.ch/#website","url":"http://www.en-autarcie.ch/","name":"Maison Autarcique","description":"Première maison autarcique, low-tech et permaculture de Suisse.","potentialAction":[{"@type":"SearchAction","target":{"@type":"EntryPoint","urlTemplate":"http://www.en-autarcie.ch/?s={search_term_string}"},"query-input":"required name=search_term_string"}],"inLanguage":"fr-FR"}]}</script>
<!-- / Yoast SEO plugin. -->

&nbsp; Marc Muller est ingénieur en énergie et diplômé MBA. Il est actuellement en cours de création d&rsquo;une start-up dans le domaine des constructions écologiques (www.impact-living.ch). Précédement, il a travaillé pour la confédération comme responsable du domaine solaire et participé à l’élaboration de la politique de sortie du nucléaire de la Suisse. Passionné par l’énergie depuis toujours, il a notamment réalisé une [&hellip;]

Première maison autarcique, low-tech et permaculture de Suisse.
