{"id":366,"date":"2015-11-17T18:56:13","date_gmt":"2015-11-17T17:56:13","guid":{"rendered":"http:\/\/www.en-autarcie.ch\/?page_id=366"},"modified":"2015-12-20T20:37:13","modified_gmt":"2015-12-20T19:37:13","slug":"lossature-bois-la-colonne-vertebrale-dune-maison-ecologique","status":"publish","type":"page","link":"http:\/\/www.en-autarcie.ch\/index.php\/carnets-de-construction\/lossature-bois-la-colonne-vertebrale-dune-maison-ecologique\/","title":{"rendered":"L&rsquo;ossature bois, la colonne vert\u00e9brale d&rsquo;une maison \u00e9cologique, 17.11.15."},"content":{"rendered":"<div class=\"fcbkbttn_buttons_block\" id=\"fcbkbttn_left\"><div class=\"fcbkbttn_button\">\n\t\t\t\t\t<a href=\"https:\/\/www.facebook.com\/\" target=\"_blank\">\n\t\t\t\t\t\t<img src=\"http:\/\/www.en-autarcie.ch\/wp-content\/plugins\/facebook-button-plugin\/images\/standard-facebook-ico.png\" alt=\"Fb-Button\" \/>\n\t\t\t\t\t<\/a>\n\t\t\t\t<\/div><div class=\"fcbkbttn_like \"><fb:like href=\"http:\/\/www.en-autarcie.ch\/index.php\/carnets-de-construction\/lossature-bois-la-colonne-vertebrale-dune-maison-ecologique\/\" action=\"like\" colorscheme=\"light\" layout=\"standard\"  width=\"225px\" size=\"small\"><\/fb:like><\/div><\/div><h4>Pierre Oberson,\u00a031 ans,\u00a0est sp\u00e9cialiste bois chez Barras Charpente.<\/h4>\n<p>A quelques kilom\u00e8tres du Mol\u00e9son et pratiquement les pieds dans le lac de Gruy\u00e8re se trouve l&rsquo;entreprise Barras Charpente.\u00a0Un d\u00e9cors manifestement inspirant puisque cette entreprise\u00a0a remport\u00e9\u00a0le mandat de r\u00e9alisation des prestations bois de la maison autarcique. Fond\u00e9e il y&rsquo;a treize ans cette PME est l&rsquo;expression des professionnels de la construction\u00a0que nous aimons en Suisse: entreprise formatrice d&rsquo;apprentis, engag\u00e9e dans les constructions \u00e9cologiques et travaillant avec des fournisseurs\u00a0locaux. Des arguments qui ont su convaincre les porteurs du projet \u00e0 l&rsquo;heure d&rsquo;attribuer un mandat de l&rsquo;ordre de 100&rsquo;000 Frs, soit 1\/3 du prix final de la maison.<\/p>\n<p>Pierre Oberson, deux CFC <span style=\"color: #000000;\">en poche et un brevet f\u00e9d\u00e9ral de contrema\u00eetre r\u00e9alis\u00e9<\/span> apr\u00e8s coup, est l&rsquo;homme de la situation lorsqu&rsquo;il s&rsquo;agit de construction bois. Il explique son travail \u00e0 travers trois questions.<\/p>\n<div id=\"attachment_395\" style=\"width: 734px\" class=\"wp-caption aligncenter\"><img aria-describedby=\"caption-attachment-395\" loading=\"lazy\" class=\"wp-image-395\" src=\"http:\/\/www.en-autarcie.ch\/wp-content\/uploads\/2015\/11\/DSC_5372-1024x678.jpg\" alt=\"Pierre Oberson\" width=\"724\" height=\"479\" srcset=\"http:\/\/www.en-autarcie.ch\/wp-content\/uploads\/2015\/11\/DSC_5372-1024x678.jpg 1024w, http:\/\/www.en-autarcie.ch\/wp-content\/uploads\/2015\/11\/DSC_5372-300x199.jpg 300w\" sizes=\"(max-width: 724px) 100vw, 724px\" \/><p id=\"caption-attachment-395\" class=\"wp-caption-text\">Pierre Oberson pr\u00e9sente le mod\u00e8le 3D de la maison afin de discuter des derniers d\u00e9tails avant le lancement de la fabrication.<\/p><\/div>\n<p>&nbsp;<\/p>\n<p><strong>Quel est votre r\u00f4le dans la construction de cette maison autarcique?<\/strong><\/p>\n<p>Je con\u00e7ois la structure porteuse du b\u00e2timent, c&rsquo;est-\u00e0-dire l\u2019ossature en bois. C&rsquo;est elle qui\u00a0va dicter les lignes esth\u00e9tiques de la maison. Elle va \u00e9galement accueillir toute la technique du b\u00e2timent, les portes, les fen\u00eatres, les rev\u00eatements de fa\u00e7ade etc\u2026 \u00a0C\u2019est pourquoi, apr\u00e8s avoir r\u00e9alis\u00e9 une premi\u00e8re \u00e9bauche de la b\u00e2tisse selon les plans de mise \u00e0 l\u2019enqu\u00eate, nous afinons\u00a0le projet avec\u00a0les ma\u00eetres de l\u2019ouvrage.<\/p>\n<p>Je proc\u00e8de ensuite aux commandes de mat\u00e9riaux et \u00e9tablis les plans d\u2019ex\u00e9cution. Cela permet\u00a0de tailler et pr\u00e9-fabriquer en atelier les futurs \u00e9l\u00e9ments de la maison, que nous stockons jusqu\u2019au moment de la pose au chantier.<\/p>\n<p>&nbsp;<\/p>\n<p><strong>A quoi faut-il tenir lorsqu&rsquo;on construit une maison en bois?<\/strong><\/p>\n<p>La premi\u00e8re chose \u00e0 prendre en consid\u00e9ration est que l\u2019on est en pr\u00e9sence d\u2019un mat\u00e9riau vivant. Il y a des principes et des r\u00e8gles \u00e0 respecter afin de garantir une construction p\u00e9renne.\u00a0Par exemple l\u2019humidit\u00e9, qu\u2019elle provienne du sol par capillarit\u00e9 ou par infiltration doit \u00eatre bannie. L\u2019eau doit s\u2019\u00e9couler \u00e0 l\u2019ext\u00e9rieur de la maison et retourner dans le sol et les rivi\u00e8res.<\/p>\n<p>Ensuite un point essentiel est la planification de la technique, \u00e9lectricit\u00e9 ou sanitaire. Il est important que nous puissions anticiper un passage au travers de la construction \u00e0 l\u2019avance, puisque nous pr\u00e9-fabriquons les structures.<\/p>\n<p>En outre, nous devons \u00e9galement pr\u00eater une attention particuli\u00e8re \u00e0 la manipulation des mat\u00e9riaux que nous travaillons.\u00a0La m\u00e9t\u00e9o joue ici un r\u00f4le pr\u00e9pond\u00e9rant, la pluie n\u2019\u00e9tant jamais bienvenue lors d\u2019un montage.<\/p>\n<p>&nbsp;<\/p>\n<p><strong>Quels sont les avantages de la construction en bois\u00a0par rapport \u00e0 la brique? <\/strong><\/p>\n<p>Au niveau de la construction en elle-m\u00eame, nous pourrions d\u00e9j\u00e0 citer l&rsquo;avantage de pr\u00e9-fabriquer en atelier, ce qui limite \u00e9norm\u00e9ment le temps d\u2019intervention sur le chantier. Ainsi, nous travaillons au sec dans un atelier.\u00a0Le confort de travail est garanti.<\/p>\n<p>Le c\u00f4t\u00e9 chaleureux et esth\u00e9tique du bois dans la construction n\u2019est plus \u00e0 d\u00e9montrer, bien qu\u2019il puisse \u00eatre une question de go\u00fbt. Cependant il existe actuellement une gamme de mat\u00e9riaux ou d\u00e9riv\u00e9s qui satisfont les besoins ou d\u00e9sirs les plus pointus.<\/p>\n<p>Il faut mentionner que l&rsquo;innovation dans la\u00a0construction en bois se poursuit. Des mat\u00e9riaux de premier choix garantissent un niveau de confort et une qualit\u00e9 de vie tr\u00e8s \u00e9lev\u00e9s, parce que le bois est naturel et sain. Ce mat\u00e9riau est disponible en suffisance car les for\u00eats suisses sont une source de mati\u00e8re premi\u00e8re garantie. Nous avons la possibilit\u00e9 de travailler localement avec un grand nombre de fournisseurs qui proposent des mat\u00e9riaux indig\u00e8nes de premi\u00e8re qualit\u00e9. De nos jours, ce type de construction\u00a0trouve tout son sens dans l&rsquo;esprit de l&rsquo;\u00e9cologie et\u00a0du commerce de proximit\u00e9.<\/p>\n<h4>Captures d&rsquo;\u00e9cran du travail de Pierre Oberson:<\/h4>\n<p><!-- default-view.php -->\n<div\n\tclass=\"ngg-galleryoverview default-view\n\t ngg-ajax-pagination-none\t\"\n\tid=\"ngg-gallery-beb14e672be37f55a9ebdaf279f7f2a4-1\"\n\tdata-nextgen-gallery-id=\"2\"\n\tdata-gallery-id=\"2\"\n\t\tdata-gallery-name=\"Ossature bois - Pierrre Oberson\"\n\t>\n\n\t\t<!-- Thumbnails -->\n\t\t\t\t<div id=\"ngg-image-0\" class=\"ngg-gallery-thumbnail-box\n\t\t\t\t\t\t\t\t\t\t\t\"\n\t\t\t>\n\t\t\t\t\t\t<div class=\"ngg-gallery-thumbnail\">\n\t\t<a href=\"http:\/\/www.en-autarcie.ch\/wp-content\/gallery\/ossature-bois-pierrre-oberson\/Dimensionnement-ossature-Oberson-1.png?t=1560728914\"\n\t\t\ttitle=\"\"\n\t\t\tdata-src=\"http:\/\/www.en-autarcie.ch\/wp-content\/gallery\/ossature-bois-pierrre-oberson\/Dimensionnement-ossature-Oberson-1.png?t=1560728914\"\n\t\t\tdata-thumbnail=\"http:\/\/www.en-autarcie.ch\/wp-content\/gallery\/ossature-bois-pierrre-oberson\/thumbs\/thumbs_Dimensionnement-ossature-Oberson-1.png?t=1560728914\"\n\t\t\tdata-image-id=\"10\"\n\t\t\tdata-image-name=\"Dimensionnement-ossature-Oberson-1.png\"\n\t\t\tdata-title=\"Dimensionnement ossature Oberson 1\"\n\t\t\tdata-description=\"\"\n\t\t\tdata-image-slug=\"dimensionnement-ossature-oberson-1\"\n\t\t\t\t\t\t\t\t\t\t\t\t\t\t\t\t\t\t\t\tclass=\"ngg-fancybox\" rel=\"beb14e672be37f55a9ebdaf279f7f2a4\">\n\t\t\t\t\t\t\t\t<img\n\t\t\t\t\ttitle=\"Dimensionnement ossature Oberson 1\"\n\t\t\t\t\talt=\"Dimensionnement ossature Oberson 1\"\n\t\t\t\t\tsrc=\"http:\/\/www.en-autarcie.ch\/wp-content\/gallery\/ossature-bois-pierrre-oberson\/thumbs\/thumbs_Dimensionnement-ossature-Oberson-1.png?t=1560728914\"\n\t\t\t\t\twidth=\"240\"\n\t\t\t\t\theight=\"160\"\n\t\t\t\t\tstyle=\"max-width:100%;\"\n\t\t\t\t\/>\n\t\t\t<\/a>\n\t\t<\/div>\n\t\t\t\t\t\t\t<\/div>\n\t\t\t\n\t\t\t\t<div id=\"ngg-image-1\" class=\"ngg-gallery-thumbnail-box\n\t\t\t\t\t\t\t\t\t\t\t\"\n\t\t\t>\n\t\t\t\t\t\t<div class=\"ngg-gallery-thumbnail\">\n\t\t<a href=\"http:\/\/www.en-autarcie.ch\/wp-content\/gallery\/ossature-bois-pierrre-oberson\/Dimensionnement-ossature-Oberson-2.png?t=1447765515\"\n\t\t\ttitle=\"\"\n\t\t\tdata-src=\"http:\/\/www.en-autarcie.ch\/wp-content\/gallery\/ossature-bois-pierrre-oberson\/Dimensionnement-ossature-Oberson-2.png?t=1447765515\"\n\t\t\tdata-thumbnail=\"http:\/\/www.en-autarcie.ch\/wp-content\/gallery\/ossature-bois-pierrre-oberson\/thumbs\/thumbs_Dimensionnement-ossature-Oberson-2.png?t=1447765515\"\n\t\t\tdata-image-id=\"11\"\n\t\t\tdata-image-name=\"Dimensionnement-ossature-Oberson-2.png\"\n\t\t\tdata-title=\"Dimensionnement ossature Oberson 2\"\n\t\t\tdata-description=\"\"\n\t\t\tdata-image-slug=\"dimensionnement-ossature-oberson-2\"\n\t\t\t\t\t\t\t\t\t\t\t\t\t\t\t\t\t\t\t\tclass=\"ngg-fancybox\" rel=\"beb14e672be37f55a9ebdaf279f7f2a4\">\n\t\t\t\t\t\t\t\t<img\n\t\t\t\t\ttitle=\"Dimensionnement ossature Oberson 2\"\n\t\t\t\t\talt=\"Dimensionnement ossature Oberson 2\"\n\t\t\t\t\tsrc=\"http:\/\/www.en-autarcie.ch\/wp-content\/gallery\/ossature-bois-pierrre-oberson\/thumbs\/thumbs_Dimensionnement-ossature-Oberson-2.png?t=1447765515\"\n\t\t\t\t\twidth=\"240\"\n\t\t\t\t\theight=\"160\"\n\t\t\t\t\tstyle=\"max-width:100%;\"\n\t\t\t\t\/>\n\t\t\t<\/a>\n\t\t<\/div>\n\t\t\t\t\t\t\t<\/div>\n\t\t\t\n\t\t\t\t<div id=\"ngg-image-2\" class=\"ngg-gallery-thumbnail-box\n\t\t\t\t\t\t\t\t\t\t\t\"\n\t\t\t>\n\t\t\t\t\t\t<div class=\"ngg-gallery-thumbnail\">\n\t\t<a href=\"http:\/\/www.en-autarcie.ch\/wp-content\/gallery\/ossature-bois-pierrre-oberson\/Dimensionnement-ossature-Oberson-3.png?t=1447765520\"\n\t\t\ttitle=\"\"\n\t\t\tdata-src=\"http:\/\/www.en-autarcie.ch\/wp-content\/gallery\/ossature-bois-pierrre-oberson\/Dimensionnement-ossature-Oberson-3.png?t=1447765520\"\n\t\t\tdata-thumbnail=\"http:\/\/www.en-autarcie.ch\/wp-content\/gallery\/ossature-bois-pierrre-oberson\/thumbs\/thumbs_Dimensionnement-ossature-Oberson-3.png?t=1447765520\"\n\t\t\tdata-image-id=\"12\"\n\t\t\tdata-image-name=\"Dimensionnement-ossature-Oberson-3.png\"\n\t\t\tdata-title=\"Dimensionnement ossature Oberson 3\"\n\t\t\tdata-description=\"\"\n\t\t\tdata-image-slug=\"dimensionnement-ossature-oberson-3\"\n\t\t\t\t\t\t\t\t\t\t\t\t\t\t\t\t\t\t\t\tclass=\"ngg-fancybox\" rel=\"beb14e672be37f55a9ebdaf279f7f2a4\">\n\t\t\t\t\t\t\t\t<img\n\t\t\t\t\ttitle=\"Dimensionnement ossature Oberson 3\"\n\t\t\t\t\talt=\"Dimensionnement ossature Oberson 3\"\n\t\t\t\t\tsrc=\"http:\/\/www.en-autarcie.ch\/wp-content\/gallery\/ossature-bois-pierrre-oberson\/thumbs\/thumbs_Dimensionnement-ossature-Oberson-3.png?t=1447765520\"\n\t\t\t\t\twidth=\"240\"\n\t\t\t\t\theight=\"160\"\n\t\t\t\t\tstyle=\"max-width:100%;\"\n\t\t\t\t\/>\n\t\t\t<\/a>\n\t\t<\/div>\n\t\t\t\t\t\t\t<\/div>\n\t\t\t\n\t\t\t\t<div id=\"ngg-image-3\" class=\"ngg-gallery-thumbnail-box\n\t\t\t\t\t\t\t\t\t\t\t\"\n\t\t\t>\n\t\t\t\t\t\t<div class=\"ngg-gallery-thumbnail\">\n\t\t<a href=\"http:\/\/www.en-autarcie.ch\/wp-content\/gallery\/ossature-bois-pierrre-oberson\/Dimensionnement-ossature-Oberson-4.png?t=1447765522\"\n\t\t\ttitle=\"\"\n\t\t\tdata-src=\"http:\/\/www.en-autarcie.ch\/wp-content\/gallery\/ossature-bois-pierrre-oberson\/Dimensionnement-ossature-Oberson-4.png?t=1447765522\"\n\t\t\tdata-thumbnail=\"http:\/\/www.en-autarcie.ch\/wp-content\/gallery\/ossature-bois-pierrre-oberson\/thumbs\/thumbs_Dimensionnement-ossature-Oberson-4.png?t=1447765522\"\n\t\t\tdata-image-id=\"13\"\n\t\t\tdata-image-name=\"Dimensionnement-ossature-Oberson-4.png\"\n\t\t\tdata-title=\"Dimensionnement ossature Oberson 4\"\n\t\t\tdata-description=\"\"\n\t\t\tdata-image-slug=\"dimensionnement-ossature-oberson-4\"\n\t\t\t\t\t\t\t\t\t\t\t\t\t\t\t\t\t\t\t\tclass=\"ngg-fancybox\" rel=\"beb14e672be37f55a9ebdaf279f7f2a4\">\n\t\t\t\t\t\t\t\t<img\n\t\t\t\t\ttitle=\"Dimensionnement ossature Oberson 4\"\n\t\t\t\t\talt=\"Dimensionnement ossature Oberson 4\"\n\t\t\t\t\tsrc=\"http:\/\/www.en-autarcie.ch\/wp-content\/gallery\/ossature-bois-pierrre-oberson\/thumbs\/thumbs_Dimensionnement-ossature-Oberson-4.png?t=1447765522\"\n\t\t\t\t\twidth=\"240\"\n\t\t\t\t\theight=\"160\"\n\t\t\t\t\tstyle=\"max-width:100%;\"\n\t\t\t\t\/>\n\t\t\t<\/a>\n\t\t<\/div>\n\t\t\t\t\t\t\t<\/div>\n\t\t\t\n\t\n\t<br style=\"clear: both\" \/>\n\n\t\t<div class=\"slideshowlink\">\n\t\t<a href='http:\/\/www.en-autarcie.ch\/index.php\/carnets-de-construction\/lossature-bois-la-colonne-vertebrale-dune-maison-ecologique\/nggallery\/slideshow'>[Montrer sous forme de diaporama]<\/a>\n\n\t<\/div>\n\t\n\t\t<!-- Pagination -->\n\t\t<div class='ngg-clear'><\/div>\t<\/div>\n<\/p>\n<h4><\/h4>\n<h4>Liens utiles pour la construction bois:<\/h4>\n<ul>\n<li>Organisation fa\u00eeti\u00e8re de l\u2019\u00e9conomie suisse de la for\u00eat et du bois:<a href=\"http:\/\/www.lignum.ch\"> www.lignum.ch <\/a><\/li>\n<li>Exemples de r\u00e9alisations en bois ayant re\u00e7u un prix: <a href=\"http:\/\/www.prixlignum.ch\/project.php?vi=141&amp;vl=2\">www.prixlignum.ch <\/a><\/li>\n<li>Exemples de r\u00e9alisations en bois: <a href=\"http:\/\/www.bois.com\/construire\/realisations-bois\">www.bois.com<\/a><\/li>\n<li>Association suisse-allemande de la construction bois: <a href=\"http:\/\/www.holzbau-schweiz.ch\">www.holzbau-schweiz.ch<\/a><\/li>\n<li>Office f\u00e9d\u00e9ral de l&rsquo;environnement \u00ab\u00a0plan action bois\u00a0\u00bb: <a href=\"http:\/\/www.bafu.admin.ch\/aktionsplan-holz\/10302\/10309\/index.html?lang=fr\">www.ofev.admin.ch <\/a><\/li>\n<\/ul>\n<p>&nbsp;<\/p>\n","protected":false},"excerpt":{"rendered":"<p>Pierre Oberson,\u00a031 ans,\u00a0est sp\u00e9cialiste bois chez Barras Charpente. A quelques kilom\u00e8tres du Mol\u00e9son et pratiquement les pieds dans le lac de Gruy\u00e8re se trouve l&rsquo;entreprise Barras Charpente.\u00a0Un d\u00e9cors manifestement inspirant puisque cette entreprise\u00a0a remport\u00e9\u00a0le mandat de r\u00e9alisation des prestations bois de la maison autarcique. Fond\u00e9e il y&rsquo;a treize ans cette PME est l&rsquo;expression des professionnels [&hellip;]<\/p>\n","protected":false},"author":2,"featured_media":395,"parent":16,"menu_order":95,"comment_status":"open","ping_status":"closed","template":"","meta":{"ngg_post_thumbnail":0},"yoast_head":"<!-- This site is optimized with the Yoast SEO plugin v20.6 - https:\/\/yoast.com\/wordpress\/plugins\/seo\/ -->\n<title>L&#039;ossature bois, la colonne vert\u00e9brale d&#039;une maison \u00e9cologique, 17.11.15. - Maison Autarcique<\/title>\n<meta name=\"robots\" content=\"index, follow, max-snippet:-1, max-image-preview:large, max-video-preview:-1\" \/>\n<link rel=\"canonical\" href=\"https:\/\/www.en-autarcie.ch\/index.php\/carnets-de-construction\/lossature-bois-la-colonne-vertebrale-dune-maison-ecologique\/\" \/>\n<meta property=\"og:locale\" content=\"fr_FR\" \/>\n<meta property=\"og:type\" content=\"article\" \/>\n<meta property=\"og:title\" content=\"L&#039;ossature bois, la colonne vert\u00e9brale d&#039;une maison \u00e9cologique, 17.11.15. - Maison Autarcique\" \/>\n<meta property=\"og:description\" content=\"Pierre Oberson,\u00a031 ans,\u00a0est sp\u00e9cialiste bois chez Barras Charpente. A quelques kilom\u00e8tres du Mol\u00e9son et pratiquement les pieds dans le lac de Gruy\u00e8re se trouve l&rsquo;entreprise Barras Charpente.\u00a0Un d\u00e9cors manifestement inspirant puisque cette entreprise\u00a0a remport\u00e9\u00a0le mandat de r\u00e9alisation des prestations bois de la maison autarcique. Fond\u00e9e il y&rsquo;a treize ans cette PME est l&rsquo;expression des professionnels [&hellip;]\" \/>\n<meta property=\"og:url\" content=\"https:\/\/www.en-autarcie.ch\/index.php\/carnets-de-construction\/lossature-bois-la-colonne-vertebrale-dune-maison-ecologique\/\" \/>\n<meta property=\"og:site_name\" content=\"Maison Autarcique\" \/>\n<meta property=\"article:modified_time\" content=\"2015-12-20T19:37:13+00:00\" \/>\n<meta property=\"og:image\" content=\"https:\/\/www.en-autarcie.ch\/wp-content\/uploads\/2015\/11\/DSC_5372-1024x678.jpg\" \/>\n\t<meta property=\"og:image:width\" content=\"1024\" \/>\n\t<meta property=\"og:image:height\" content=\"678\" \/>\n\t<meta property=\"og:image:type\" content=\"image\/jpeg\" \/>\n<meta name=\"twitter:card\" content=\"summary_large_image\" \/>\n<meta name=\"twitter:label1\" content=\"Dur\u00e9e de lecture estim\u00e9e\" \/>\n\t<meta name=\"twitter:data1\" content=\"4 minutes\" \/>\n<script type=\"application\/ld+json\" class=\"yoast-schema-graph\">{\"@context\":\"https:\/\/schema.org\",\"@graph\":[{\"@type\":\"WebPage\",\"@id\":\"https:\/\/www.en-autarcie.ch\/index.php\/carnets-de-construction\/lossature-bois-la-colonne-vertebrale-dune-maison-ecologique\/\",\"url\":\"https:\/\/www.en-autarcie.ch\/index.php\/carnets-de-construction\/lossature-bois-la-colonne-vertebrale-dune-maison-ecologique\/\",\"name\":\"L'ossature bois, la colonne vert\u00e9brale d'une maison \u00e9cologique, 17.11.15. - Maison Autarcique\",\"isPartOf\":{\"@id\":\"http:\/\/www.en-autarcie.ch\/#website\"},\"datePublished\":\"2015-11-17T17:56:13+00:00\",\"dateModified\":\"2015-12-20T19:37:13+00:00\",\"breadcrumb\":{\"@id\":\"https:\/\/www.en-autarcie.ch\/index.php\/carnets-de-construction\/lossature-bois-la-colonne-vertebrale-dune-maison-ecologique\/#breadcrumb\"},\"inLanguage\":\"fr-FR\",\"potentialAction\":[{\"@type\":\"ReadAction\",\"target\":[\"https:\/\/www.en-autarcie.ch\/index.php\/carnets-de-construction\/lossature-bois-la-colonne-vertebrale-dune-maison-ecologique\/\"]}]},{\"@type\":\"BreadcrumbList\",\"@id\":\"https:\/\/www.en-autarcie.ch\/index.php\/carnets-de-construction\/lossature-bois-la-colonne-vertebrale-dune-maison-ecologique\/#breadcrumb\",\"itemListElement\":[{\"@type\":\"ListItem\",\"position\":1,\"name\":\"Accueil\",\"item\":\"http:\/\/www.en-autarcie.ch\/\"},{\"@type\":\"ListItem\",\"position\":2,\"name\":\"Carnets de construction\",\"item\":\"http:\/\/www.en-autarcie.ch\/index.php\/carnets-de-construction\/\"},{\"@type\":\"ListItem\",\"position\":3,\"name\":\"L&rsquo;ossature bois, la colonne vert\u00e9brale d&rsquo;une maison \u00e9cologique, 17.11.15.\"}]},{\"@type\":\"WebSite\",\"@id\":\"http:\/\/www.en-autarcie.ch\/#website\",\"url\":\"http:\/\/www.en-autarcie.ch\/\",\"name\":\"Maison Autarcique\",\"description\":\"Premi\u00e8re maison autarcique, low-tech et permaculture de Suisse.\",\"potentialAction\":[{\"@type\":\"SearchAction\",\"target\":{\"@type\":\"EntryPoint\",\"urlTemplate\":\"http:\/\/www.en-autarcie.ch\/?s={search_term_string}\"},\"query-input\":\"required name=search_term_string\"}],\"inLanguage\":\"fr-FR\"}]}<\/script>\n<!-- \/ Yoast SEO plugin. -->","yoast_head_json":{"title":"L'ossature bois, la colonne vert\u00e9brale d'une maison \u00e9cologique, 17.11.15. - Maison Autarcique","robots":{"index":"index","follow":"follow","max-snippet":"max-snippet:-1","max-image-preview":"max-image-preview:large","max-video-preview":"max-video-preview:-1"},"canonical":"https:\/\/www.en-autarcie.ch\/index.php\/carnets-de-construction\/lossature-bois-la-colonne-vertebrale-dune-maison-ecologique\/","og_locale":"fr_FR","og_type":"article","og_title":"L'ossature bois, la colonne vert\u00e9brale d'une maison \u00e9cologique, 17.11.15. - Maison Autarcique","og_description":"Pierre Oberson,\u00a031 ans,\u00a0est sp\u00e9cialiste bois chez Barras Charpente. A quelques kilom\u00e8tres du Mol\u00e9son et pratiquement les pieds dans le lac de Gruy\u00e8re se trouve l&rsquo;entreprise Barras Charpente.\u00a0Un d\u00e9cors manifestement inspirant puisque cette entreprise\u00a0a remport\u00e9\u00a0le mandat de r\u00e9alisation des prestations bois de la maison autarcique. Fond\u00e9e il y&rsquo;a treize ans cette PME est l&rsquo;expression des professionnels [&hellip;]","og_url":"https:\/\/www.en-autarcie.ch\/index.php\/carnets-de-construction\/lossature-bois-la-colonne-vertebrale-dune-maison-ecologique\/","og_site_name":"Maison Autarcique","article_modified_time":"2015-12-20T19:37:13+00:00","og_image":[{"width":1024,"height":678,"url":"https:\/\/www.en-autarcie.ch\/wp-content\/uploads\/2015\/11\/DSC_5372-1024x678.jpg","type":"image\/jpeg"}],"twitter_card":"summary_large_image","twitter_misc":{"Dur\u00e9e de lecture estim\u00e9e":"4 minutes"},"schema":{"@context":"https:\/\/schema.org","@graph":[{"@type":"WebPage","@id":"https:\/\/www.en-autarcie.ch\/index.php\/carnets-de-construction\/lossature-bois-la-colonne-vertebrale-dune-maison-ecologique\/","url":"https:\/\/www.en-autarcie.ch\/index.php\/carnets-de-construction\/lossature-bois-la-colonne-vertebrale-dune-maison-ecologique\/","name":"L'ossature bois, la colonne vert\u00e9brale d'une maison \u00e9cologique, 17.11.15. - Maison Autarcique","isPartOf":{"@id":"http:\/\/www.en-autarcie.ch\/#website"},"datePublished":"2015-11-17T17:56:13+00:00","dateModified":"2015-12-20T19:37:13+00:00","breadcrumb":{"@id":"https:\/\/www.en-autarcie.ch\/index.php\/carnets-de-construction\/lossature-bois-la-colonne-vertebrale-dune-maison-ecologique\/#breadcrumb"},"inLanguage":"fr-FR","potentialAction":[{"@type":"ReadAction","target":["https:\/\/www.en-autarcie.ch\/index.php\/carnets-de-construction\/lossature-bois-la-colonne-vertebrale-dune-maison-ecologique\/"]}]},{"@type":"BreadcrumbList","@id":"https:\/\/www.en-autarcie.ch\/index.php\/carnets-de-construction\/lossature-bois-la-colonne-vertebrale-dune-maison-ecologique\/#breadcrumb","itemListElement":[{"@type":"ListItem","position":1,"name":"Accueil","item":"http:\/\/www.en-autarcie.ch\/"},{"@type":"ListItem","position":2,"name":"Carnets de construction","item":"http:\/\/www.en-autarcie.ch\/index.php\/carnets-de-construction\/"},{"@type":"ListItem","position":3,"name":"L&rsquo;ossature bois, la colonne vert\u00e9brale d&rsquo;une maison \u00e9cologique, 17.11.15."}]},{"@type":"WebSite","@id":"http:\/\/www.en-autarcie.ch\/#website","url":"http:\/\/www.en-autarcie.ch\/","name":"Maison Autarcique","description":"Premi\u00e8re maison autarcique, low-tech et permaculture de Suisse.","potentialAction":[{"@type":"SearchAction","target":{"@type":"EntryPoint","urlTemplate":"http:\/\/www.en-autarcie.ch\/?s={search_term_string}"},"query-input":"required name=search_term_string"}],"inLanguage":"fr-FR"}]}},"_links":{"self":[{"href":"http:\/\/www.en-autarcie.ch\/index.php\/wp-json\/wp\/v2\/pages\/366"}],"collection":[{"href":"http:\/\/www.en-autarcie.ch\/index.php\/wp-json\/wp\/v2\/pages"}],"about":[{"href":"http:\/\/www.en-autarcie.ch\/index.php\/wp-json\/wp\/v2\/types\/page"}],"author":[{"embeddable":true,"href":"http:\/\/www.en-autarcie.ch\/index.php\/wp-json\/wp\/v2\/users\/2"}],"replies":[{"embeddable":true,"href":"http:\/\/www.en-autarcie.ch\/index.php\/wp-json\/wp\/v2\/comments?post=366"}],"version-history":[{"count":20,"href":"http:\/\/www.en-autarcie.ch\/index.php\/wp-json\/wp\/v2\/pages\/366\/revisions"}],"predecessor-version":[{"id":435,"href":"http:\/\/www.en-autarcie.ch\/index.php\/wp-json\/wp\/v2\/pages\/366\/revisions\/435"}],"up":[{"embeddable":true,"href":"http:\/\/www.en-autarcie.ch\/index.php\/wp-json\/wp\/v2\/pages\/16"}],"wp:featuredmedia":[{"embeddable":true,"href":"http:\/\/www.en-autarcie.ch\/index.php\/wp-json\/wp\/v2\/media\/395"}],"wp:attachment":[{"href":"http:\/\/www.en-autarcie.ch\/index.php\/wp-json\/wp\/v2\/media?parent=366"}],"curies":[{"name":"wp","href":"https:\/\/api.w.org\/{rel}","templated":true}]}}