{"id":815,"date":"2016-08-07T19:09:22","date_gmt":"2016-08-07T18:09:22","guid":{"rendered":"http:\/\/www.en-autarcie.ch\/?page_id=815"},"modified":"2016-09-29T12:43:37","modified_gmt":"2016-09-29T11:43:37","slug":"smart-smart-smart-oui-moderation","status":"publish","type":"page","link":"http:\/\/www.en-autarcie.ch\/index.php\/carnets-de-construction\/smart-smart-smart-oui-moderation\/","title":{"rendered":"Smart, smart, smart&#8230; oui, mais avec mod\u00e9ration. 19.09.16"},"content":{"rendered":"<div class=\"fcbkbttn_buttons_block\" id=\"fcbkbttn_left\"><div class=\"fcbkbttn_button\">\n\t\t\t\t\t<a href=\"https:\/\/www.facebook.com\/\" target=\"_blank\">\n\t\t\t\t\t\t<img src=\"http:\/\/www.en-autarcie.ch\/wp-content\/plugins\/facebook-button-plugin\/images\/standard-facebook-ico.png\" alt=\"Fb-Button\" \/>\n\t\t\t\t\t<\/a>\n\t\t\t\t<\/div><div class=\"fcbkbttn_like \"><fb:like href=\"http:\/\/www.en-autarcie.ch\/index.php\/carnets-de-construction\/smart-smart-smart-oui-moderation\/\" action=\"like\" colorscheme=\"light\" layout=\"standard\"  width=\"225px\" size=\"small\"><\/fb:like><\/div><\/div><h4>Les maisons dites intelligentes arrivent sur le march\u00e9, de nouvelles technologies utiles mais \u00e0 consommer avec mod\u00e9ration&#8230;<\/h4>\n<p>&nbsp;<\/p>\n<p>Smartbox, smartphone, smartcity, &#8230; il semblerait que la vie soit smart depuis quelques temps. Une tendance auquel l&rsquo;habitat ne puisse manifestement pas \u00e9chapper. Voil\u00e0 donc les smart home arriver. Mais au fait, \u00e7a sert \u00e0 quoi la maison smart?<\/p>\n<p>&nbsp;<\/p>\n<p>Le smart &#8211; ou intelligence informatique &#8211; , en fait, c&rsquo;est assez simple. Il s&rsquo;agit de syst\u00e8mes intelligents (aussi appel\u00e9s domotiques dans l&rsquo;habitat) qui collectent des donn\u00e9es et d\u00e9cident de ce qui pourrait \u00eatre utile pour les utilisateurs. Par exemple le chauffage d&rsquo;une maison peut \u00eatre d\u00e9marr\u00e9 ou \u00e9teint \u00e0 l&rsquo;avance en fonction de pr\u00e9visions m\u00e9t\u00e9o r\u00e9colt\u00e9es en ligne. Dans ce cas de figure, cela permet d&rsquo;\u00e9conomiser de l&rsquo;\u00e9nergie. Autre exemple, une machine \u00e0 laver peut d\u00e9marrer un cycle de lavage en fonction du prix de l&rsquo;\u00e9lectricit\u00e9 heure par heure et optimiser la facture d&rsquo;\u00e9lectricit\u00e9.<\/p>\n<p>&nbsp;<\/p>\n<div id=\"attachment_885\" style=\"width: 728px\" class=\"wp-caption aligncenter\"><a href=\"http:\/\/www.en-autarcie.ch\/wp-content\/uploads\/2016\/07\/16-04-20-1.png\" rel=\"attachment wp-att-885\"><img aria-describedby=\"caption-attachment-885\" loading=\"lazy\" class=\"wp-image-885 size-large\" src=\"http:\/\/www.en-autarcie.ch\/wp-content\/uploads\/2016\/07\/16-04-20-1-1024x461.png\" alt=\"\" width=\"718\" height=\"323\" srcset=\"http:\/\/www.en-autarcie.ch\/wp-content\/uploads\/2016\/07\/16-04-20-1-1024x461.png 1024w, http:\/\/www.en-autarcie.ch\/wp-content\/uploads\/2016\/07\/16-04-20-1-300x135.png 300w, http:\/\/www.en-autarcie.ch\/wp-content\/uploads\/2016\/07\/16-04-20-1-768x346.png 768w, http:\/\/www.en-autarcie.ch\/wp-content\/uploads\/2016\/07\/16-04-20-1.png 1416w\" sizes=\"(max-width: 718px) 100vw, 718px\" \/><\/a><p id=\"caption-attachment-885\" class=\"wp-caption-text\"><em>La maison autarcique dispose d&rsquo;un syst\u00e8me photovolta\u00efque d&rsquo;une puissance de 20kWp. Il est assez grand pour produire 4x plus d&rsquo;\u00e9lectricit\u00e9 que la consommation annuelle de ses habitants. Mais le soleil ne brille par tout le temps, il faut donc enclencher ou d\u00e9clencher des consommateurs en fonction de la m\u00e9t\u00e9o.<\/em><\/p><\/div>\n<p>&nbsp;<\/p>\n<p>Bien des avantages qui se concr\u00e9tisent souvent en \u00e9conomique financi\u00e8re sauf que&#8230; il faudrait encore avoir des besoins utiles \u00e0 programmer. Par exemple, lorsqu&rsquo;une maison est bien isol\u00e9e&#8230; h\u00e9 bien, elle n&rsquo;a plus besoin de chauffage. Du coup, sans chauffage il n&rsquo;y pas besoin de r\u00e9gler&#8230; le chauffage! C&rsquo;est l\u00e0 toute la logique d&rsquo;une maison passive, c&rsquo;est \u00e0 dire avec le minimum de technologie embarqu\u00e9e. D&rsquo;autre part, si la technologie fait des merveilles dans certains domaines (le solaire notamment), elle peut co\u00fbter cher et cr\u00e9er d&rsquo;importants besoins en maintenance. Or qui sera capable de r\u00e9parer une r\u00e9gulation \u00e9lectronique vieille de 15 ans, sachant qu&rsquo;une maison doit \u00eatre construite pour durer 80-100 ans?<\/p>\n<p>&nbsp;<\/p>\n<p>Conscient de ces inconv\u00e9nients, le concept de maison autarcique vise le minimum de technologie install\u00e9e. Toutefois, ce concept- m\u00eame\u00a0pouss\u00e9 au maximum &#8211; n&rsquo;\u00e9chappe pas \u00e0 une petite \u00ab\u00a0smart touch\u00a0\u00bb. Car un besoin reste indispensable \u00e0 r\u00e9guler, il s&rsquo;agit de l&rsquo;\u00e9lectricit\u00e9. Il va de soi qu&rsquo;une maison qui produit son \u00e9lectricit\u00e9 solaire doit aussi fonctionner la nuit. Or, pour \u00e9viter l&rsquo;installation de batteries trop co\u00fbteuses et polluantes \u00e0 la cave, le r\u00e9glage ad\u00e9quat des appareils \u00e9lectriques est indispensable. On ne coupe donc pas compl\u00e9tement au ph\u00e9nom\u00e8ne smart&#8230; quelques exemples en images.<\/p>\n<p>&nbsp;<\/p>\n<p><img loading=\"lazy\" class=\"alignleft wp-image-878\" src=\"http:\/\/www.en-autarcie.ch\/wp-content\/uploads\/2016\/07\/016226_Waermepumpenboiler_300L_F1_1.jpg\" alt=\"016226_Waermepumpenboiler_300L_F1_(1)\" width=\"150\" height=\"173\" srcset=\"http:\/\/www.en-autarcie.ch\/wp-content\/uploads\/2016\/07\/016226_Waermepumpenboiler_300L_F1_1.jpg 476w, http:\/\/www.en-autarcie.ch\/wp-content\/uploads\/2016\/07\/016226_Waermepumpenboiler_300L_F1_1-260x300.jpg 260w\" sizes=\"(max-width: 150px) 100vw, 150px\" \/><\/p>\n<p><strong>Pompes \u00e0 chaleur boiler<\/strong><\/p>\n<p>La maison autarcique dispose de deux pompes-\u00e0-chaleur boiler qui produisent l&rsquo;eau chaude de la douche \u00e0 partir d&rsquo;\u00e9lectricit\u00e9. Gr\u00e2ce \u00e0 une r\u00e9gulation intelligente, celles-ci ne peuvent d\u00e9marrer que lorsque le soleil brille. L&rsquo;eau chaude, d&rsquo;un volume de 600 litres, stocke la chaleur et la restitue m\u00eame plusieurs jours plus tard.<\/p>\n<p>&nbsp;<\/p>\n<p>&nbsp;<\/p>\n<p><a href=\"http:\/\/www.en-autarcie.ch\/wp-content\/uploads\/2016\/07\/haier-d1fe671wf-inox-frigo-4370-1.png\" rel=\"attachment wp-att-879\"><img loading=\"lazy\" class=\"alignleft wp-image-879\" src=\"http:\/\/www.en-autarcie.ch\/wp-content\/uploads\/2016\/07\/haier-d1fe671wf-inox-frigo-4370-1.png\" alt=\"haier-d1fe671wf-inox-frigo-4370-1\" width=\"150\" height=\"224\" \/><\/a><\/p>\n<p><strong>Frigos et cong\u00e9lateurs\u00a0<\/strong><\/p>\n<p>Les frigos et les cong\u00e9lateurs efficaces (A+ et meilleurs) sont tr\u00e8s bien isol\u00e9s. Ils ne perdent pratiquement pas de chaleur lorsqu&rsquo;ils sont arr\u00eat\u00e9s quelques heures. Dans la maison autarcique ils sont arr\u00eat\u00e9s par une horloge entre 20h et 9h du matin. Ainsi ils ne sont enclench\u00e9s que lorsque le syst\u00e8me solaire produit de l&rsquo;\u00e9lectricit\u00e9.<\/p>\n<p>&nbsp;<\/p>\n<p>&nbsp;<\/p>\n<p>&nbsp;<\/p>\n<p>&nbsp;<\/p>\n<p><img loading=\"lazy\" class=\"alignleft wp-image-881\" src=\"http:\/\/www.en-autarcie.ch\/wp-content\/uploads\/2016\/07\/samsung_wf8692_fea.jpg\" alt=\"samsung_wf8692_fea\" width=\"150\" height=\"190\" srcset=\"http:\/\/www.en-autarcie.ch\/wp-content\/uploads\/2016\/07\/samsung_wf8692_fea.jpg 378w, http:\/\/www.en-autarcie.ch\/wp-content\/uploads\/2016\/07\/samsung_wf8692_fea-236x300.jpg 236w\" sizes=\"(max-width: 150px) 100vw, 150px\" \/><\/p>\n<p><strong>Machine \u00e0 laver et s\u00e9choir<\/strong><\/p>\n<p>Qui n&rsquo;a pas appris \u00e0 laver le linge le soir, lorsque l&rsquo;\u00e9lectricit\u00e9 est moins ch\u00e8re? Or, avec l&rsquo;arriv\u00e9e de l&rsquo;\u00e9nergie solaire, celle-ci est devenue abondante \u00e0 midi! Dans la maison autarcique, les machines \u00e0 laver d\u00e9marrent\u00a0donc\u00a0d\u00e8s qu&rsquo;il y a du soleil. En cas d&rsquo;urgence, l&rsquo;\u00e9lectricit\u00e9 peut aussi venir des batteries.<\/p>\n<p>&nbsp;<\/p>\n<p>&nbsp;<\/p>\n<p>&nbsp;<\/p>\n<p><img loading=\"lazy\" class=\"alignleft wp-image-880\" src=\"http:\/\/www.en-autarcie.ch\/wp-content\/uploads\/2016\/07\/Image-chargeur.jpg\" alt=\"Image-chargeur\" width=\"150\" height=\"150\" srcset=\"http:\/\/www.en-autarcie.ch\/wp-content\/uploads\/2016\/07\/Image-chargeur.jpg 350w, http:\/\/www.en-autarcie.ch\/wp-content\/uploads\/2016\/07\/Image-chargeur-150x150.jpg 150w, http:\/\/www.en-autarcie.ch\/wp-content\/uploads\/2016\/07\/Image-chargeur-300x300.jpg 300w\" sizes=\"(max-width: 150px) 100vw, 150px\" \/><strong>Prises \u00e9lectriques et stand-by<\/strong><\/p>\n<p>La plupart des appareils \u00e9lectriques branch\u00e9s au r\u00e9seau \u00e9lectrique consomment constamment de l&rsquo;\u00e9lectricit\u00e9. Par exemple un chargeur de natel br\u00fble 1-5W en permanence. Raison pour laquelle chaque prise de la maison autarcique est command\u00e9e \u00e0 distance. Certaines prises sont prioritaires (cuisson, \u00e9clairage,&#8230;), d&rsquo;autres facultative (t\u00e9l\u00e9vision, chargeur de t\u00e9l\u00e9phone,&#8230;). En cas de faible charge des batteries, les consommateurs les moins indispensables peuvent \u00eatre arr\u00eat\u00e9s.<\/p>\n<p>&nbsp;<\/p>\n<p>Gr\u00e2ce \u00e0 cette intelligence, la majorit\u00e9 des consommateurs fonctionnent lorsque le syst\u00e8me solaire produit de l&rsquo;\u00e9lectricit\u00e9. Et le stockage devient quasiment inutile. Une batterie toute petite (2,5kWh ici)\u00a0suffit \u00e0 couvrir les besoins nocturnes. Et pour contrer les risques d&rsquo;obsolescence, l&rsquo;ensemble des fonctions logiques sont r\u00e9alis\u00e9es avec des relais. Une technique vieille de 50 ann\u00e9es qui fonctionne sans probl\u00e8me et sera r\u00e9parable &#8230; encore dans 50 ans.<\/p>\n<p>&nbsp;<\/p>\n<h4>Trois questions \u00e0 Victor Penas :<\/h4>\n<p>Victor Penas est ing\u00e9nieur chez Studer Innotec, l&rsquo;entreprise fournissant les r\u00e9gulateurs solaires de la maison autarcique. Cette entreprise sise \u00e0 Sion est peu connue du grand public car elle exporte la majorit\u00e9 de ses produits dans les pays en d\u00e9veloppement. Ses r\u00e9gulateurs solaires permettent par exemple la cr\u00e9ation de r\u00e9seaux \u00e9lectriques d\u00e9centralis\u00e9s en Afrique.<\/p>\n<p>&nbsp;<\/p>\n<p><strong>www.en-autarcie.ch : Vos produits fonctionnent partout dans le monde pour des maisons ou m\u00eame des villages autarciques. Pourquoi y&rsquo;a-t-il si peu de maisons de ce type en Suisse ?<\/strong><\/p>\n<p><strong><em><a href=\"http:\/\/www.en-autarcie.ch\/wp-content\/uploads\/2016\/08\/victor_Studer.png\"><img loading=\"lazy\" class=\"wp-image-940 size-full alignleft\" src=\"http:\/\/www.en-autarcie.ch\/wp-content\/uploads\/2016\/08\/victor_Studer.png\" alt=\"\" width=\"185\" height=\"277\" \/><\/a><\/em>Victor Penas<\/strong>:<\/p>\n<p>La principale raison est la facilit\u00e9 de l\u2019acc\u00e8s au r\u00e9seau public et la croyance qu\u2019en autarcie il n\u2019est pas possible de vivre normalement. Ce projet est la preuve que cette crainte n\u2019est pas fond\u00e9e si tout est r\u00e9fl\u00e9chit de mani\u00e8re coh\u00e9rente dans le b\u00e2timent.<br \/>\nLes co\u00fbts de la production solaire sont aujourd\u2019hui inf\u00e9rieurs au co\u00fbt du r\u00e9seau et les syst\u00e8mes de stockage \u00e9voluent de fa\u00e7on prometteuse, stimul\u00e9 notamment par l\u2019\u00e9lectromobilit\u00e9. \u00a0Tous ces \u00e9l\u00e9ments font que les syst\u00e8mes autonomes ou peu d\u00e9pendants du r\u00e9seau seront plus attractifs, voire comp\u00e9titifs dans les ann\u00e9es \u00e0 venir y compris dans les environnements o\u00f9 le r\u00e9seau public est pr\u00e9sent.<\/p>\n<p>&nbsp;<\/p>\n<p><strong>Quels sont les avantages des syst\u00e8mes dits intelligents?<\/strong><\/p>\n<p>Faciliter la vie de l\u2019usager tout\u00a0 simplement\u00a0!<br \/>\nLe pilotage optimal des charges, des sources et de la batterie garantit l\u2019usage le plus efficace possible de l\u2019\u00e9nergie renouvelable disponible. Leur but est de faire \u00e9conomiser de l\u2019\u00e9nergie ou de la consommer au meilleur moment. Comme cela est \u00e9crit\u00a0dans l\u2019article ci-dessus, on nous a toujours dit qu\u2019il fallait consommer la nuit. Mais avec l\u2019arriv\u00e9e massive du solaire, c\u2019est la journ\u00e9e qu\u2019il faut consommer. Hors pendant la journ\u00e9e nous travaillons et ne sommes pas \u00e0 la maison pour consommer\u2026 Le recours \u00e0 ces syst\u00e8mes intelligents se fait donc n\u00e9cessaire pour optimiser la consommation en notre absence.<\/p>\n<p>&nbsp;<\/p>\n<p><strong>Les porteurs du projet EnAutarcie redoutent la complexit\u00e9 et l&rsquo;obsolescence des syst\u00e8mes intelligents. A raison ou \u00e0 tort?<\/strong><\/p>\n<p>Les syst\u00e8mes d\u2019\u00e9nergie \u00ab\u00a0autarcique\u00a0\u00bb sont d\u00e9j\u00e0 couramment utilis\u00e9s pour l\u2019\u00e9lectrification de site isol\u00e9s, ceci depuis des d\u00e9cennies. Il s\u2019agit de syst\u00e8mes fiables et relativement simples mais qui demandaient jusqu\u2019ici une forte implication de l\u2019usager dans la bonne gestion du syst\u00e8me.<\/p>\n<p>Le risque d\u2019obsolescence de ces syst\u00e8mes de pilotage existe bien s\u00fbr, notamment au regard des \u00e9volutions extr\u00eamement rapide des supports de communication. Le c\u0153ur lui-m\u00eame de ces syst\u00e8mes d\u2019\u00e9nergie dont le convertisseur solaire, onduleur, batterie, etc. sont des composants fiables et matures.<\/p>\n<h4><\/h4>\n<h4>Liens utiles concernant les \u00ab\u00a0smart home\u00a0\u00bb ou la domotique:<\/h4>\n<p>&nbsp;<\/p>\n<p>Notre partenaire Studer Innotec, sp\u00e9cialis\u00e9 dans les r\u00e9gulations solaires: <a href=\"http:\/\/www.studer-innotec.com\/fr\/\">www.studer-innotec.com<\/a><\/p>\n<p>Reportage RTS \u00ab\u00a0La domotique positive ou n\u00e9gative\u00a0\u00bb: <a href=\"http:\/\/www.rts.ch\/play\/radio\/leve-toi-et-marche\/audio\/la-domotique-positive-ou-negative?id=3815915\">www.rts.ch<\/a><\/p>\n<p>D\u00e9finition Wikipedia de la domotique: \u00a0<a href=\"https:\/\/fr.wikipedia.org\/wiki\/Domotique\">fr.wikipedia.org\/wiki\/Domotique<\/a><\/p>\n<p>Vid\u00e9o de promotion d&rsquo;un fournisseur de solution \u00ab\u00a0smart home\u00a0\u00bb (anglais):\u00a0<a href=\"https:\/\/www.youtube.com\/watch?v=i73n-LTXPIM\">www.youtube.com<\/a><\/p>\n<p>Centre de comp\u00e9tence en gestion de l&rsquo;\u00e9nergie DOMO Energie: <a href=\"http:\/\/www.domo-energie.com\/fr\/Page.asp\">www.domo-energie.com<\/a><\/p>\n<p>Brochure publicitaire de <em>GroupeE Connect<\/em> concernant la domotique:\u00a0<a href=\"http:\/\/www.geconnect.ch\/sites\/default\/files\/brochure_domotique_-_residentielle_fr_lr.pdf\">www.geconnect.ch<\/a><\/p>\n<p>&nbsp;<\/p>\n<p>&nbsp;<\/p>\n","protected":false},"excerpt":{"rendered":"<p>Les maisons dites intelligentes arrivent sur le march\u00e9, de nouvelles technologies utiles mais \u00e0 consommer avec mod\u00e9ration&#8230; &nbsp; Smartbox, smartphone, smartcity, &#8230; il semblerait que la vie soit smart depuis quelques temps. Une tendance auquel l&rsquo;habitat ne puisse manifestement pas \u00e9chapper. Voil\u00e0 donc les smart home arriver. Mais au fait, \u00e7a sert \u00e0 quoi la [&hellip;]<\/p>\n","protected":false},"author":2,"featured_media":885,"parent":16,"menu_order":86,"comment_status":"closed","ping_status":"closed","template":"","meta":{"ngg_post_thumbnail":0},"yoast_head":"<!-- This site is optimized with the Yoast SEO plugin v20.6 - https:\/\/yoast.com\/wordpress\/plugins\/seo\/ -->\n<title>Smart, smart, smart... oui, mais avec mod\u00e9ration. 19.09.16 - Maison Autarcique<\/title>\n<meta name=\"robots\" content=\"index, follow, max-snippet:-1, max-image-preview:large, max-video-preview:-1\" \/>\n<link rel=\"canonical\" href=\"https:\/\/www.en-autarcie.ch\/index.php\/carnets-de-construction\/smart-smart-smart-oui-moderation\/\" \/>\n<meta property=\"og:locale\" content=\"fr_FR\" \/>\n<meta property=\"og:type\" content=\"article\" \/>\n<meta property=\"og:title\" content=\"Smart, smart, smart... oui, mais avec mod\u00e9ration. 19.09.16 - Maison Autarcique\" \/>\n<meta property=\"og:description\" content=\"Les maisons dites intelligentes arrivent sur le march\u00e9, de nouvelles technologies utiles mais \u00e0 consommer avec mod\u00e9ration&#8230; &nbsp; Smartbox, smartphone, smartcity, &#8230; il semblerait que la vie soit smart depuis quelques temps. Une tendance auquel l&rsquo;habitat ne puisse manifestement pas \u00e9chapper. Voil\u00e0 donc les smart home arriver. Mais au fait, \u00e7a sert \u00e0 quoi la [&hellip;]\" \/>\n<meta property=\"og:url\" content=\"https:\/\/www.en-autarcie.ch\/index.php\/carnets-de-construction\/smart-smart-smart-oui-moderation\/\" \/>\n<meta property=\"og:site_name\" content=\"Maison Autarcique\" \/>\n<meta property=\"article:modified_time\" content=\"2016-09-29T11:43:37+00:00\" \/>\n<meta property=\"og:image\" content=\"https:\/\/www.en-autarcie.ch\/wp-content\/uploads\/2016\/07\/16-04-20-1.png\" \/>\n\t<meta property=\"og:image:width\" content=\"1416\" \/>\n\t<meta property=\"og:image:height\" content=\"638\" \/>\n\t<meta property=\"og:image:type\" content=\"image\/png\" \/>\n<meta name=\"twitter:card\" content=\"summary_large_image\" \/>\n<meta name=\"twitter:label1\" content=\"Dur\u00e9e de lecture estim\u00e9e\" \/>\n\t<meta name=\"twitter:data1\" content=\"7 minutes\" \/>\n<script type=\"application\/ld+json\" class=\"yoast-schema-graph\">{\"@context\":\"https:\/\/schema.org\",\"@graph\":[{\"@type\":\"WebPage\",\"@id\":\"https:\/\/www.en-autarcie.ch\/index.php\/carnets-de-construction\/smart-smart-smart-oui-moderation\/\",\"url\":\"https:\/\/www.en-autarcie.ch\/index.php\/carnets-de-construction\/smart-smart-smart-oui-moderation\/\",\"name\":\"Smart, smart, smart... oui, mais avec mod\u00e9ration. 19.09.16 - Maison Autarcique\",\"isPartOf\":{\"@id\":\"http:\/\/www.en-autarcie.ch\/#website\"},\"datePublished\":\"2016-08-07T18:09:22+00:00\",\"dateModified\":\"2016-09-29T11:43:37+00:00\",\"breadcrumb\":{\"@id\":\"https:\/\/www.en-autarcie.ch\/index.php\/carnets-de-construction\/smart-smart-smart-oui-moderation\/#breadcrumb\"},\"inLanguage\":\"fr-FR\",\"potentialAction\":[{\"@type\":\"ReadAction\",\"target\":[\"https:\/\/www.en-autarcie.ch\/index.php\/carnets-de-construction\/smart-smart-smart-oui-moderation\/\"]}]},{\"@type\":\"BreadcrumbList\",\"@id\":\"https:\/\/www.en-autarcie.ch\/index.php\/carnets-de-construction\/smart-smart-smart-oui-moderation\/#breadcrumb\",\"itemListElement\":[{\"@type\":\"ListItem\",\"position\":1,\"name\":\"Accueil\",\"item\":\"http:\/\/www.en-autarcie.ch\/\"},{\"@type\":\"ListItem\",\"position\":2,\"name\":\"Carnets de construction\",\"item\":\"http:\/\/www.en-autarcie.ch\/index.php\/carnets-de-construction\/\"},{\"@type\":\"ListItem\",\"position\":3,\"name\":\"Smart, smart, smart&#8230; oui, mais avec mod\u00e9ration. 19.09.16\"}]},{\"@type\":\"WebSite\",\"@id\":\"http:\/\/www.en-autarcie.ch\/#website\",\"url\":\"http:\/\/www.en-autarcie.ch\/\",\"name\":\"Maison Autarcique\",\"description\":\"Premi\u00e8re maison autarcique, low-tech et permaculture de Suisse.\",\"potentialAction\":[{\"@type\":\"SearchAction\",\"target\":{\"@type\":\"EntryPoint\",\"urlTemplate\":\"http:\/\/www.en-autarcie.ch\/?s={search_term_string}\"},\"query-input\":\"required name=search_term_string\"}],\"inLanguage\":\"fr-FR\"}]}<\/script>\n<!-- \/ Yoast SEO plugin. -->","yoast_head_json":{"title":"Smart, smart, smart... oui, mais avec mod\u00e9ration. 19.09.16 - Maison Autarcique","robots":{"index":"index","follow":"follow","max-snippet":"max-snippet:-1","max-image-preview":"max-image-preview:large","max-video-preview":"max-video-preview:-1"},"canonical":"https:\/\/www.en-autarcie.ch\/index.php\/carnets-de-construction\/smart-smart-smart-oui-moderation\/","og_locale":"fr_FR","og_type":"article","og_title":"Smart, smart, smart... oui, mais avec mod\u00e9ration. 19.09.16 - Maison Autarcique","og_description":"Les maisons dites intelligentes arrivent sur le march\u00e9, de nouvelles technologies utiles mais \u00e0 consommer avec mod\u00e9ration&#8230; &nbsp; Smartbox, smartphone, smartcity, &#8230; il semblerait que la vie soit smart depuis quelques temps. Une tendance auquel l&rsquo;habitat ne puisse manifestement pas \u00e9chapper. Voil\u00e0 donc les smart home arriver. Mais au fait, \u00e7a sert \u00e0 quoi la [&hellip;]","og_url":"https:\/\/www.en-autarcie.ch\/index.php\/carnets-de-construction\/smart-smart-smart-oui-moderation\/","og_site_name":"Maison Autarcique","article_modified_time":"2016-09-29T11:43:37+00:00","og_image":[{"width":1416,"height":638,"url":"https:\/\/www.en-autarcie.ch\/wp-content\/uploads\/2016\/07\/16-04-20-1.png","type":"image\/png"}],"twitter_card":"summary_large_image","twitter_misc":{"Dur\u00e9e de lecture estim\u00e9e":"7 minutes"},"schema":{"@context":"https:\/\/schema.org","@graph":[{"@type":"WebPage","@id":"https:\/\/www.en-autarcie.ch\/index.php\/carnets-de-construction\/smart-smart-smart-oui-moderation\/","url":"https:\/\/www.en-autarcie.ch\/index.php\/carnets-de-construction\/smart-smart-smart-oui-moderation\/","name":"Smart, smart, smart... oui, mais avec mod\u00e9ration. 19.09.16 - Maison Autarcique","isPartOf":{"@id":"http:\/\/www.en-autarcie.ch\/#website"},"datePublished":"2016-08-07T18:09:22+00:00","dateModified":"2016-09-29T11:43:37+00:00","breadcrumb":{"@id":"https:\/\/www.en-autarcie.ch\/index.php\/carnets-de-construction\/smart-smart-smart-oui-moderation\/#breadcrumb"},"inLanguage":"fr-FR","potentialAction":[{"@type":"ReadAction","target":["https:\/\/www.en-autarcie.ch\/index.php\/carnets-de-construction\/smart-smart-smart-oui-moderation\/"]}]},{"@type":"BreadcrumbList","@id":"https:\/\/www.en-autarcie.ch\/index.php\/carnets-de-construction\/smart-smart-smart-oui-moderation\/#breadcrumb","itemListElement":[{"@type":"ListItem","position":1,"name":"Accueil","item":"http:\/\/www.en-autarcie.ch\/"},{"@type":"ListItem","position":2,"name":"Carnets de construction","item":"http:\/\/www.en-autarcie.ch\/index.php\/carnets-de-construction\/"},{"@type":"ListItem","position":3,"name":"Smart, smart, smart&#8230; oui, mais avec mod\u00e9ration. 19.09.16"}]},{"@type":"WebSite","@id":"http:\/\/www.en-autarcie.ch\/#website","url":"http:\/\/www.en-autarcie.ch\/","name":"Maison Autarcique","description":"Premi\u00e8re maison autarcique, low-tech et permaculture de Suisse.","potentialAction":[{"@type":"SearchAction","target":{"@type":"EntryPoint","urlTemplate":"http:\/\/www.en-autarcie.ch\/?s={search_term_string}"},"query-input":"required name=search_term_string"}],"inLanguage":"fr-FR"}]}},"_links":{"self":[{"href":"http:\/\/www.en-autarcie.ch\/index.php\/wp-json\/wp\/v2\/pages\/815"}],"collection":[{"href":"http:\/\/www.en-autarcie.ch\/index.php\/wp-json\/wp\/v2\/pages"}],"about":[{"href":"http:\/\/www.en-autarcie.ch\/index.php\/wp-json\/wp\/v2\/types\/page"}],"author":[{"embeddable":true,"href":"http:\/\/www.en-autarcie.ch\/index.php\/wp-json\/wp\/v2\/users\/2"}],"replies":[{"embeddable":true,"href":"http:\/\/www.en-autarcie.ch\/index.php\/wp-json\/wp\/v2\/comments?post=815"}],"version-history":[{"count":16,"href":"http:\/\/www.en-autarcie.ch\/index.php\/wp-json\/wp\/v2\/pages\/815\/revisions"}],"predecessor-version":[{"id":946,"href":"http:\/\/www.en-autarcie.ch\/index.php\/wp-json\/wp\/v2\/pages\/815\/revisions\/946"}],"up":[{"embeddable":true,"href":"http:\/\/www.en-autarcie.ch\/index.php\/wp-json\/wp\/v2\/pages\/16"}],"wp:featuredmedia":[{"embeddable":true,"href":"http:\/\/www.en-autarcie.ch\/index.php\/wp-json\/wp\/v2\/media\/885"}],"wp:attachment":[{"href":"http:\/\/www.en-autarcie.ch\/index.php\/wp-json\/wp\/v2\/media?parent=815"}],"curies":[{"name":"wp","href":"https:\/\/api.w.org\/{rel}","templated":true}]}}