{"id":1002,"date":"2017-02-12T20:07:39","date_gmt":"2017-02-12T19:07:39","guid":{"rendered":"http:\/\/www.en-autarcie.ch\/?page_id=1002"},"modified":"2017-02-12T20:20:43","modified_gmt":"2017-02-12T19:20:43","slug":"reportage-tv-marc-muller-vit-maison-autarcique-rts-10-02-17","status":"publish","type":"page","link":"https:\/\/www.en-autarcie.ch\/index.php\/carnets-de-construction\/reportage-tv-marc-muller-vit-maison-autarcique-rts-10-02-17\/","title":{"rendered":"Reportage TV, \u00ab\u00a0Marc Muller vit dans une maison autarcique\u00a0\u00bb, RTS 10.02.17"},"content":{"rendered":"<div class=\"fcbkbttn_buttons_block\" id=\"fcbkbttn_left\"><div class=\"fcbkbttn_button\">\n\t\t\t\t\t<a href=\"https:\/\/www.facebook.com\/\" target=\"_blank\">\n\t\t\t\t\t\t<img src=\"https:\/\/www.en-autarcie.ch\/wp-content\/plugins\/facebook-button-plugin\/images\/standard-facebook-ico.png\" alt=\"Fb-Button\" \/>\n\t\t\t\t\t<\/a>\n\t\t\t\t<\/div><div class=\"fcbkbttn_like \"><fb:like href=\"https:\/\/www.en-autarcie.ch\/index.php\/carnets-de-construction\/reportage-tv-marc-muller-vit-maison-autarcique-rts-10-02-17\/\" action=\"like\" colorscheme=\"light\" layout=\"standard\"  width=\"225px\" size=\"small\"><\/fb:like><\/div><\/div><h4>La RTS diffuse un troisi\u00e8me reportage sur le projet En Autarcie.<\/h4>\n<p>La t\u00e9l\u00e9vision nous explique comment fonctionne la maison non raccord\u00e9e au r\u00e9seau!<\/p>\n<p>Voir le reportage:<\/p>\n<p><a href=\"https:\/\/www.rts.ch\/play\/tv\/12h45\/video\/minimag-marc-muller-habite-dans-une-maison-autarcique?id=8377259\" rel=\"attachment wp-att-750\"><img loading=\"lazy\" class=\"aligncenter wp-image-1003 size-full\" title=\"Reportage RTS sur la maison sans chauffage\" src=\"http:\/\/www.en-autarcie.ch\/wp-content\/uploads\/2017\/02\/RTS-sans-chauffage.png\" alt=\"\" width=\"824\" height=\"464\" srcset=\"https:\/\/www.en-autarcie.ch\/wp-content\/uploads\/2017\/02\/RTS-sans-chauffage.png 824w, https:\/\/www.en-autarcie.ch\/wp-content\/uploads\/2017\/02\/RTS-sans-chauffage-300x169.png 300w, https:\/\/www.en-autarcie.ch\/wp-content\/uploads\/2017\/02\/RTS-sans-chauffage-768x432.png 768w\" sizes=\"(max-width: 824px) 100vw, 824px\" \/><\/a><\/p>\n<p>-&gt; retour \u00e0 la page <a href=\"http:\/\/www.en-autarcie.ch\/index.php\/medias-et-publications-mediatiques\/\">m\u00e9dias\u00a0et parutions m\u00e9diatiques<\/a><\/p>\n","protected":false},"excerpt":{"rendered":"<p>La RTS diffuse un troisi\u00e8me reportage sur le projet En Autarcie. La t\u00e9l\u00e9vision nous explique comment fonctionne la maison non raccord\u00e9e au r\u00e9seau! Voir le reportage: -&gt; retour \u00e0 la page m\u00e9dias\u00a0et parutions m\u00e9diatiques<\/p>\n","protected":false},"author":2,"featured_media":1003,"parent":16,"menu_order":82,"comment_status":"closed","ping_status":"closed","template":"","meta":{"ngg_post_thumbnail":0},"yoast_head":"<!-- This site is optimized with the Yoast SEO plugin v20.6 - https:\/\/yoast.com\/wordpress\/plugins\/seo\/ -->\n<title>Reportage TV, &quot;Marc Muller vit dans une maison autarcique&quot;, RTS 10.02.17 - Maison Autarcique<\/title>\n<meta name=\"robots\" content=\"index, follow, max-snippet:-1, max-image-preview:large, max-video-preview:-1\" \/>\n<link rel=\"canonical\" href=\"http:\/\/www.en-autarcie.ch\/index.php\/carnets-de-construction\/reportage-tv-marc-muller-vit-maison-autarcique-rts-10-02-17\/\" \/>\n<meta property=\"og:locale\" content=\"fr_FR\" \/>\n<meta property=\"og:type\" content=\"article\" \/>\n<meta property=\"og:title\" content=\"Reportage TV, &quot;Marc Muller vit dans une maison autarcique&quot;, RTS 10.02.17 - Maison Autarcique\" \/>\n<meta property=\"og:description\" content=\"La RTS diffuse un troisi\u00e8me reportage sur le projet En Autarcie. La t\u00e9l\u00e9vision nous explique comment fonctionne la maison non raccord\u00e9e au r\u00e9seau! Voir le reportage: -&gt; retour \u00e0 la page m\u00e9dias\u00a0et parutions m\u00e9diatiques\" \/>\n<meta property=\"og:url\" content=\"http:\/\/www.en-autarcie.ch\/index.php\/carnets-de-construction\/reportage-tv-marc-muller-vit-maison-autarcique-rts-10-02-17\/\" \/>\n<meta property=\"og:site_name\" content=\"Maison Autarcique\" \/>\n<meta property=\"article:modified_time\" content=\"2017-02-12T19:20:43+00:00\" \/>\n<meta property=\"og:image\" content=\"http:\/\/www.en-autarcie.ch\/wp-content\/uploads\/2017\/02\/RTS-sans-chauffage.png\" \/>\n\t<meta property=\"og:image:width\" content=\"824\" \/>\n\t<meta property=\"og:image:height\" content=\"464\" \/>\n\t<meta property=\"og:image:type\" content=\"image\/png\" \/>\n<meta name=\"twitter:card\" content=\"summary_large_image\" \/>\n<script type=\"application\/ld+json\" class=\"yoast-schema-graph\">{\"@context\":\"https:\/\/schema.org\",\"@graph\":[{\"@type\":\"WebPage\",\"@id\":\"http:\/\/www.en-autarcie.ch\/index.php\/carnets-de-construction\/reportage-tv-marc-muller-vit-maison-autarcique-rts-10-02-17\/\",\"url\":\"http:\/\/www.en-autarcie.ch\/index.php\/carnets-de-construction\/reportage-tv-marc-muller-vit-maison-autarcique-rts-10-02-17\/\",\"name\":\"Reportage TV, \\\"Marc Muller vit dans une maison autarcique\\\", RTS 10.02.17 - Maison Autarcique\",\"isPartOf\":{\"@id\":\"http:\/\/www.en-autarcie.ch\/#website\"},\"datePublished\":\"2017-02-12T19:07:39+00:00\",\"dateModified\":\"2017-02-12T19:20:43+00:00\",\"breadcrumb\":{\"@id\":\"http:\/\/www.en-autarcie.ch\/index.php\/carnets-de-construction\/reportage-tv-marc-muller-vit-maison-autarcique-rts-10-02-17\/#breadcrumb\"},\"inLanguage\":\"fr-FR\",\"potentialAction\":[{\"@type\":\"ReadAction\",\"target\":[\"http:\/\/www.en-autarcie.ch\/index.php\/carnets-de-construction\/reportage-tv-marc-muller-vit-maison-autarcique-rts-10-02-17\/\"]}]},{\"@type\":\"BreadcrumbList\",\"@id\":\"http:\/\/www.en-autarcie.ch\/index.php\/carnets-de-construction\/reportage-tv-marc-muller-vit-maison-autarcique-rts-10-02-17\/#breadcrumb\",\"itemListElement\":[{\"@type\":\"ListItem\",\"position\":1,\"name\":\"Accueil\",\"item\":\"http:\/\/www.en-autarcie.ch\/\"},{\"@type\":\"ListItem\",\"position\":2,\"name\":\"Carnets de construction\",\"item\":\"http:\/\/www.en-autarcie.ch\/index.php\/carnets-de-construction\/\"},{\"@type\":\"ListItem\",\"position\":3,\"name\":\"Reportage TV, \u00ab\u00a0Marc Muller vit dans une maison autarcique\u00a0\u00bb, RTS 10.02.17\"}]},{\"@type\":\"WebSite\",\"@id\":\"http:\/\/www.en-autarcie.ch\/#website\",\"url\":\"http:\/\/www.en-autarcie.ch\/\",\"name\":\"Maison Autarcique\",\"description\":\"Premi\u00e8re maison autarcique, low-tech et permaculture de Suisse.\",\"potentialAction\":[{\"@type\":\"SearchAction\",\"target\":{\"@type\":\"EntryPoint\",\"urlTemplate\":\"http:\/\/www.en-autarcie.ch\/?s={search_term_string}\"},\"query-input\":\"required name=search_term_string\"}],\"inLanguage\":\"fr-FR\"}]}<\/script>\n<!-- \/ Yoast SEO plugin. -->","yoast_head_json":{"title":"Reportage TV, \"Marc Muller vit dans une maison autarcique\", RTS 10.02.17 - Maison Autarcique","robots":{"index":"index","follow":"follow","max-snippet":"max-snippet:-1","max-image-preview":"max-image-preview:large","max-video-preview":"max-video-preview:-1"},"canonical":"http:\/\/www.en-autarcie.ch\/index.php\/carnets-de-construction\/reportage-tv-marc-muller-vit-maison-autarcique-rts-10-02-17\/","og_locale":"fr_FR","og_type":"article","og_title":"Reportage TV, \"Marc Muller vit dans une maison autarcique\", RTS 10.02.17 - Maison Autarcique","og_description":"La RTS diffuse un troisi\u00e8me reportage sur le projet En Autarcie. La t\u00e9l\u00e9vision nous explique comment fonctionne la maison non raccord\u00e9e au r\u00e9seau! Voir le reportage: -&gt; retour \u00e0 la page m\u00e9dias\u00a0et parutions m\u00e9diatiques","og_url":"http:\/\/www.en-autarcie.ch\/index.php\/carnets-de-construction\/reportage-tv-marc-muller-vit-maison-autarcique-rts-10-02-17\/","og_site_name":"Maison Autarcique","article_modified_time":"2017-02-12T19:20:43+00:00","og_image":[{"width":824,"height":464,"url":"http:\/\/www.en-autarcie.ch\/wp-content\/uploads\/2017\/02\/RTS-sans-chauffage.png","type":"image\/png"}],"twitter_card":"summary_large_image","schema":{"@context":"https:\/\/schema.org","@graph":[{"@type":"WebPage","@id":"http:\/\/www.en-autarcie.ch\/index.php\/carnets-de-construction\/reportage-tv-marc-muller-vit-maison-autarcique-rts-10-02-17\/","url":"http:\/\/www.en-autarcie.ch\/index.php\/carnets-de-construction\/reportage-tv-marc-muller-vit-maison-autarcique-rts-10-02-17\/","name":"Reportage TV, \"Marc Muller vit dans une maison autarcique\", RTS 10.02.17 - Maison Autarcique","isPartOf":{"@id":"http:\/\/www.en-autarcie.ch\/#website"},"datePublished":"2017-02-12T19:07:39+00:00","dateModified":"2017-02-12T19:20:43+00:00","breadcrumb":{"@id":"http:\/\/www.en-autarcie.ch\/index.php\/carnets-de-construction\/reportage-tv-marc-muller-vit-maison-autarcique-rts-10-02-17\/#breadcrumb"},"inLanguage":"fr-FR","potentialAction":[{"@type":"ReadAction","target":["http:\/\/www.en-autarcie.ch\/index.php\/carnets-de-construction\/reportage-tv-marc-muller-vit-maison-autarcique-rts-10-02-17\/"]}]},{"@type":"BreadcrumbList","@id":"http:\/\/www.en-autarcie.ch\/index.php\/carnets-de-construction\/reportage-tv-marc-muller-vit-maison-autarcique-rts-10-02-17\/#breadcrumb","itemListElement":[{"@type":"ListItem","position":1,"name":"Accueil","item":"http:\/\/www.en-autarcie.ch\/"},{"@type":"ListItem","position":2,"name":"Carnets de construction","item":"http:\/\/www.en-autarcie.ch\/index.php\/carnets-de-construction\/"},{"@type":"ListItem","position":3,"name":"Reportage TV, \u00ab\u00a0Marc Muller vit dans une maison autarcique\u00a0\u00bb, RTS 10.02.17"}]},{"@type":"WebSite","@id":"http:\/\/www.en-autarcie.ch\/#website","url":"http:\/\/www.en-autarcie.ch\/","name":"Maison Autarcique","description":"Premi\u00e8re maison autarcique, low-tech et permaculture de Suisse.","potentialAction":[{"@type":"SearchAction","target":{"@type":"EntryPoint","urlTemplate":"http:\/\/www.en-autarcie.ch\/?s={search_term_string}"},"query-input":"required name=search_term_string"}],"inLanguage":"fr-FR"}]}},"_links":{"self":[{"href":"https:\/\/www.en-autarcie.ch\/index.php\/wp-json\/wp\/v2\/pages\/1002"}],"collection":[{"href":"https:\/\/www.en-autarcie.ch\/index.php\/wp-json\/wp\/v2\/pages"}],"about":[{"href":"https:\/\/www.en-autarcie.ch\/index.php\/wp-json\/wp\/v2\/types\/page"}],"author":[{"embeddable":true,"href":"https:\/\/www.en-autarcie.ch\/index.php\/wp-json\/wp\/v2\/users\/2"}],"replies":[{"embeddable":true,"href":"https:\/\/www.en-autarcie.ch\/index.php\/wp-json\/wp\/v2\/comments?post=1002"}],"version-history":[{"count":1,"href":"https:\/\/www.en-autarcie.ch\/index.php\/wp-json\/wp\/v2\/pages\/1002\/revisions"}],"predecessor-version":[{"id":1004,"href":"https:\/\/www.en-autarcie.ch\/index.php\/wp-json\/wp\/v2\/pages\/1002\/revisions\/1004"}],"up":[{"embeddable":true,"href":"https:\/\/www.en-autarcie.ch\/index.php\/wp-json\/wp\/v2\/pages\/16"}],"wp:featuredmedia":[{"embeddable":true,"href":"https:\/\/www.en-autarcie.ch\/index.php\/wp-json\/wp\/v2\/media\/1003"}],"wp:attachment":[{"href":"https:\/\/www.en-autarcie.ch\/index.php\/wp-json\/wp\/v2\/media?parent=1002"}],"curies":[{"name":"wp","href":"https:\/\/api.w.org\/{rel}","templated":true}]}}

<div class="fcbkbttn_buttons_block" id="fcbkbttn_left"><div class="fcbkbttn_button">
					<a href="https://www.facebook.com/" target="_blank">
						<img src="https://www.en-autarcie.ch/wp-content/plugins/facebook-button-plugin/images/standard-facebook-ico.png" alt="Fb-Button" />
					</a>
				</div><div class="fcbkbttn_like "><fb:like href="https://www.en-autarcie.ch/index.php/carnets-de-construction/reportage-tv-marc-muller-vit-maison-autarcique-rts-10-02-17/" action="like" colorscheme="light" layout="standard"  width="225px" size="small"></fb:like></div></div><h4>La RTS diffuse un troisième reportage sur le projet En Autarcie.</h4>
<p>La télévision nous explique comment fonctionne la maison non raccordée au réseau!</p>
<p>Voir le reportage:</p>
<p><a href="https://www.rts.ch/play/tv/12h45/video/minimag-marc-muller-habite-dans-une-maison-autarcique?id=8377259" rel="attachment wp-att-750"><img loading="lazy" class="aligncenter wp-image-1003 size-full" title="Reportage RTS sur la maison sans chauffage" src="http://www.en-autarcie.ch/wp-content/uploads/2017/02/RTS-sans-chauffage.png" alt="" width="824" height="464" srcset="https://www.en-autarcie.ch/wp-content/uploads/2017/02/RTS-sans-chauffage.png 824w, https://www.en-autarcie.ch/wp-content/uploads/2017/02/RTS-sans-chauffage-300x169.png 300w, https://www.en-autarcie.ch/wp-content/uploads/2017/02/RTS-sans-chauffage-768x432.png 768w" sizes="(max-width: 824px) 100vw, 824px" /></a></p>
<p>-&gt; retour à la page <a href="http://www.en-autarcie.ch/index.php/medias-et-publications-mediatiques/">médias et parutions médiatiques</a></p>

<p>La RTS diffuse un troisième reportage sur le projet En Autarcie. La télévision nous explique comment fonctionne la maison non raccordée au réseau! Voir le reportage: -&gt; retour à la page médias et parutions médiatiques</p>

<!-- This site is optimized with the Yoast SEO plugin v20.6 - https://yoast.com/wordpress/plugins/seo/ -->
<title>Reportage TV, &quot;Marc Muller vit dans une maison autarcique&quot;, RTS 10.02.17 - Maison Autarcique</title>
<meta name="robots" content="index, follow, max-snippet:-1, max-image-preview:large, max-video-preview:-1" />
<link rel="canonical" href="http://www.en-autarcie.ch/index.php/carnets-de-construction/reportage-tv-marc-muller-vit-maison-autarcique-rts-10-02-17/" />
<meta property="og:locale" content="fr_FR" />
<meta property="og:type" content="article" />
<meta property="og:title" content="Reportage TV, &quot;Marc Muller vit dans une maison autarcique&quot;, RTS 10.02.17 - Maison Autarcique" />
<meta property="og:description" content="La RTS diffuse un troisième reportage sur le projet En Autarcie. La télévision nous explique comment fonctionne la maison non raccordée au réseau! Voir le reportage: -&gt; retour à la page médias et parutions médiatiques" />
<meta property="og:url" content="http://www.en-autarcie.ch/index.php/carnets-de-construction/reportage-tv-marc-muller-vit-maison-autarcique-rts-10-02-17/" />
<meta property="og:site_name" content="Maison Autarcique" />
<meta property="article:modified_time" content="2017-02-12T19:20:43+00:00" />
<meta property="og:image" content="http://www.en-autarcie.ch/wp-content/uploads/2017/02/RTS-sans-chauffage.png" />
	<meta property="og:image:width" content="824" />
	<meta property="og:image:height" content="464" />
	<meta property="og:image:type" content="image/png" />
<meta name="twitter:card" content="summary_large_image" />
<script type="application/ld+json" class="yoast-schema-graph">{"@context":"https://schema.org","@graph":[{"@type":"WebPage","@id":"http://www.en-autarcie.ch/index.php/carnets-de-construction/reportage-tv-marc-muller-vit-maison-autarcique-rts-10-02-17/","url":"http://www.en-autarcie.ch/index.php/carnets-de-construction/reportage-tv-marc-muller-vit-maison-autarcique-rts-10-02-17/","name":"Reportage TV, \"Marc Muller vit dans une maison autarcique\", RTS 10.02.17 - Maison Autarcique","isPartOf":{"@id":"http://www.en-autarcie.ch/#website"},"datePublished":"2017-02-12T19:07:39+00:00","dateModified":"2017-02-12T19:20:43+00:00","breadcrumb":{"@id":"http://www.en-autarcie.ch/index.php/carnets-de-construction/reportage-tv-marc-muller-vit-maison-autarcique-rts-10-02-17/#breadcrumb"},"inLanguage":"fr-FR","potentialAction":[{"@type":"ReadAction","target":["http://www.en-autarcie.ch/index.php/carnets-de-construction/reportage-tv-marc-muller-vit-maison-autarcique-rts-10-02-17/"]}]},{"@type":"BreadcrumbList","@id":"http://www.en-autarcie.ch/index.php/carnets-de-construction/reportage-tv-marc-muller-vit-maison-autarcique-rts-10-02-17/#breadcrumb","itemListElement":[{"@type":"ListItem","position":1,"name":"Accueil","item":"http://www.en-autarcie.ch/"},{"@type":"ListItem","position":2,"name":"Carnets de construction","item":"http://www.en-autarcie.ch/index.php/carnets-de-construction/"},{"@type":"ListItem","position":3,"name":"Reportage TV, « Marc Muller vit dans une maison autarcique », RTS 10.02.17"}]},{"@type":"WebSite","@id":"http://www.en-autarcie.ch/#website","url":"http://www.en-autarcie.ch/","name":"Maison Autarcique","description":"Première maison autarcique, low-tech et permaculture de Suisse.","potentialAction":[{"@type":"SearchAction","target":{"@type":"EntryPoint","urlTemplate":"http://www.en-autarcie.ch/?s={search_term_string}"},"query-input":"required name=search_term_string"}],"inLanguage":"fr-FR"}]}</script>
<!-- / Yoast SEO plugin. -->

La RTS diffuse un troisième reportage sur le projet En Autarcie. La télévision nous explique comment fonctionne la maison non raccordée au réseau! Voir le reportage: -&gt; retour à la page médias et parutions médiatiques

Première maison autarcique, low-tech et permaculture de Suisse.
