{"id":1005,"date":"2017-02-12T20:17:15","date_gmt":"2017-02-12T19:17:15","guid":{"rendered":"http:\/\/www.en-autarcie.ch\/?page_id=1005"},"modified":"2017-02-12T20:29:39","modified_gmt":"2017-02-12T19:29:39","slug":"article-de-presse-maison-autarcique-passe-reve-a-realite-24-heures-10-01-17","status":"publish","type":"page","link":"https:\/\/www.en-autarcie.ch\/index.php\/carnets-de-construction\/article-de-presse-maison-autarcique-passe-reve-a-realite-24-heures-10-01-17\/","title":{"rendered":"Article de presse: \u00ab\u00a0La maison autarcique passe du r\u00eave \u00e0 la r\u00e9alit\u00e9\u00a0\u00bb, 24 heures 10.01.17"},"content":{"rendered":"<div class=\"fcbkbttn_buttons_block\" id=\"fcbkbttn_left\"><div class=\"fcbkbttn_button\">\n\t\t\t\t\t<a href=\"https:\/\/www.facebook.com\/\" target=\"_blank\">\n\t\t\t\t\t\t<img src=\"https:\/\/www.en-autarcie.ch\/wp-content\/plugins\/facebook-button-plugin\/images\/standard-facebook-ico.png\" alt=\"Fb-Button\" \/>\n\t\t\t\t\t<\/a>\n\t\t\t\t<\/div><div class=\"fcbkbttn_like \"><fb:like href=\"https:\/\/www.en-autarcie.ch\/index.php\/carnets-de-construction\/article-de-presse-maison-autarcique-passe-reve-a-realite-24-heures-10-01-17\/\" action=\"like\" colorscheme=\"light\" layout=\"standard\"  width=\"225px\" size=\"small\"><\/fb:like><\/div><\/div><h4>Le journal 24 heures publie un article sur le premier hiver de la maison autacique.<\/h4>\n<p>Lire l&rsquo;article sur le site du 24 heures:<\/p>\n<p><a href=\"http:\/\/www.24heures.ch\/vaud-regions\/nord-vaudois-broye\/maison-autarcique-reve-realite\/story\/15259780\">www.24heures.ch<\/a><\/p>\n<p>&nbsp;<\/p>\n<p><a href=\"http:\/\/www.24heures.ch\/vaud-regions\/nord-vaudois-broye\/maison-autarcique-reve-realite\/story\/15259780\" rel=\"attachment wp-att-1006\"><img loading=\"lazy\" class=\"aligncenter wp-image-1007 size-full\" src=\"http:\/\/www.en-autarcie.ch\/wp-content\/uploads\/2017\/02\/24-heures-r\u00eave-\u00e0-r\u00e9alit\u00e9-1.png\" alt=\"\" width=\"1023\" height=\"657\" srcset=\"https:\/\/www.en-autarcie.ch\/wp-content\/uploads\/2017\/02\/24-heures-r\u00eave-\u00e0-r\u00e9alit\u00e9-1.png 1023w, https:\/\/www.en-autarcie.ch\/wp-content\/uploads\/2017\/02\/24-heures-r\u00eave-\u00e0-r\u00e9alit\u00e9-1-300x193.png 300w, https:\/\/www.en-autarcie.ch\/wp-content\/uploads\/2017\/02\/24-heures-r\u00eave-\u00e0-r\u00e9alit\u00e9-1-768x493.png 768w\" sizes=\"(max-width: 1023px) 100vw, 1023px\" \/><\/a><\/p>\n","protected":false},"excerpt":{"rendered":"<p>Le journal 24 heures publie un article sur le premier hiver de la maison autacique. Lire l&rsquo;article sur le site du 24 heures: www.24heures.ch &nbsp;<\/p>\n","protected":false},"author":2,"featured_media":1009,"parent":16,"menu_order":83,"comment_status":"closed","ping_status":"closed","template":"","meta":{"ngg_post_thumbnail":0},"yoast_head":"<!-- This site is optimized with the Yoast SEO plugin v20.6 - https:\/\/yoast.com\/wordpress\/plugins\/seo\/ -->\n<title>Article de presse: &quot;La maison autarcique passe du r\u00eave \u00e0 la r\u00e9alit\u00e9&quot;, 24 heures 10.01.17 - Maison Autarcique<\/title>\n<meta name=\"robots\" content=\"index, follow, max-snippet:-1, max-image-preview:large, max-video-preview:-1\" \/>\n<link rel=\"canonical\" href=\"http:\/\/www.en-autarcie.ch\/index.php\/carnets-de-construction\/article-de-presse-maison-autarcique-passe-reve-a-realite-24-heures-10-01-17\/\" \/>\n<meta property=\"og:locale\" content=\"fr_FR\" \/>\n<meta property=\"og:type\" content=\"article\" \/>\n<meta property=\"og:title\" content=\"Article de presse: &quot;La maison autarcique passe du r\u00eave \u00e0 la r\u00e9alit\u00e9&quot;, 24 heures 10.01.17 - Maison Autarcique\" \/>\n<meta property=\"og:description\" content=\"Le journal 24 heures publie un article sur le premier hiver de la maison autacique. Lire l&rsquo;article sur le site du 24 heures: www.24heures.ch &nbsp;\" \/>\n<meta property=\"og:url\" content=\"http:\/\/www.en-autarcie.ch\/index.php\/carnets-de-construction\/article-de-presse-maison-autarcique-passe-reve-a-realite-24-heures-10-01-17\/\" \/>\n<meta property=\"og:site_name\" content=\"Maison Autarcique\" \/>\n<meta property=\"article:modified_time\" content=\"2017-02-12T19:29:39+00:00\" \/>\n<meta property=\"og:image\" content=\"http:\/\/www.en-autarcie.ch\/wp-content\/uploads\/2017\/02\/24-heures-r\u00eave-\u00e0-r\u00e9alit\u00e9-2.png\" \/>\n\t<meta property=\"og:image:width\" content=\"1023\" \/>\n\t<meta property=\"og:image:height\" content=\"657\" \/>\n\t<meta property=\"og:image:type\" content=\"image\/png\" \/>\n<meta name=\"twitter:card\" content=\"summary_large_image\" \/>\n<script type=\"application\/ld+json\" class=\"yoast-schema-graph\">{\"@context\":\"https:\/\/schema.org\",\"@graph\":[{\"@type\":\"WebPage\",\"@id\":\"http:\/\/www.en-autarcie.ch\/index.php\/carnets-de-construction\/article-de-presse-maison-autarcique-passe-reve-a-realite-24-heures-10-01-17\/\",\"url\":\"http:\/\/www.en-autarcie.ch\/index.php\/carnets-de-construction\/article-de-presse-maison-autarcique-passe-reve-a-realite-24-heures-10-01-17\/\",\"name\":\"Article de presse: \\\"La maison autarcique passe du r\u00eave \u00e0 la r\u00e9alit\u00e9\\\", 24 heures 10.01.17 - Maison Autarcique\",\"isPartOf\":{\"@id\":\"http:\/\/www.en-autarcie.ch\/#website\"},\"datePublished\":\"2017-02-12T19:17:15+00:00\",\"dateModified\":\"2017-02-12T19:29:39+00:00\",\"breadcrumb\":{\"@id\":\"http:\/\/www.en-autarcie.ch\/index.php\/carnets-de-construction\/article-de-presse-maison-autarcique-passe-reve-a-realite-24-heures-10-01-17\/#breadcrumb\"},\"inLanguage\":\"fr-FR\",\"potentialAction\":[{\"@type\":\"ReadAction\",\"target\":[\"http:\/\/www.en-autarcie.ch\/index.php\/carnets-de-construction\/article-de-presse-maison-autarcique-passe-reve-a-realite-24-heures-10-01-17\/\"]}]},{\"@type\":\"BreadcrumbList\",\"@id\":\"http:\/\/www.en-autarcie.ch\/index.php\/carnets-de-construction\/article-de-presse-maison-autarcique-passe-reve-a-realite-24-heures-10-01-17\/#breadcrumb\",\"itemListElement\":[{\"@type\":\"ListItem\",\"position\":1,\"name\":\"Accueil\",\"item\":\"http:\/\/www.en-autarcie.ch\/\"},{\"@type\":\"ListItem\",\"position\":2,\"name\":\"Carnets de construction\",\"item\":\"http:\/\/www.en-autarcie.ch\/index.php\/carnets-de-construction\/\"},{\"@type\":\"ListItem\",\"position\":3,\"name\":\"Article de presse: \u00ab\u00a0La maison autarcique passe du r\u00eave \u00e0 la r\u00e9alit\u00e9\u00a0\u00bb, 24 heures 10.01.17\"}]},{\"@type\":\"WebSite\",\"@id\":\"http:\/\/www.en-autarcie.ch\/#website\",\"url\":\"http:\/\/www.en-autarcie.ch\/\",\"name\":\"Maison Autarcique\",\"description\":\"Premi\u00e8re maison autarcique, low-tech et permaculture de Suisse.\",\"potentialAction\":[{\"@type\":\"SearchAction\",\"target\":{\"@type\":\"EntryPoint\",\"urlTemplate\":\"http:\/\/www.en-autarcie.ch\/?s={search_term_string}\"},\"query-input\":\"required name=search_term_string\"}],\"inLanguage\":\"fr-FR\"}]}<\/script>\n<!-- \/ Yoast SEO plugin. -->","yoast_head_json":{"title":"Article de presse: \"La maison autarcique passe du r\u00eave \u00e0 la r\u00e9alit\u00e9\", 24 heures 10.01.17 - Maison Autarcique","robots":{"index":"index","follow":"follow","max-snippet":"max-snippet:-1","max-image-preview":"max-image-preview:large","max-video-preview":"max-video-preview:-1"},"canonical":"http:\/\/www.en-autarcie.ch\/index.php\/carnets-de-construction\/article-de-presse-maison-autarcique-passe-reve-a-realite-24-heures-10-01-17\/","og_locale":"fr_FR","og_type":"article","og_title":"Article de presse: \"La maison autarcique passe du r\u00eave \u00e0 la r\u00e9alit\u00e9\", 24 heures 10.01.17 - Maison Autarcique","og_description":"Le journal 24 heures publie un article sur le premier hiver de la maison autacique. Lire l&rsquo;article sur le site du 24 heures: www.24heures.ch &nbsp;","og_url":"http:\/\/www.en-autarcie.ch\/index.php\/carnets-de-construction\/article-de-presse-maison-autarcique-passe-reve-a-realite-24-heures-10-01-17\/","og_site_name":"Maison Autarcique","article_modified_time":"2017-02-12T19:29:39+00:00","og_image":[{"width":1023,"height":657,"url":"http:\/\/www.en-autarcie.ch\/wp-content\/uploads\/2017\/02\/24-heures-r\u00eave-\u00e0-r\u00e9alit\u00e9-2.png","type":"image\/png"}],"twitter_card":"summary_large_image","schema":{"@context":"https:\/\/schema.org","@graph":[{"@type":"WebPage","@id":"http:\/\/www.en-autarcie.ch\/index.php\/carnets-de-construction\/article-de-presse-maison-autarcique-passe-reve-a-realite-24-heures-10-01-17\/","url":"http:\/\/www.en-autarcie.ch\/index.php\/carnets-de-construction\/article-de-presse-maison-autarcique-passe-reve-a-realite-24-heures-10-01-17\/","name":"Article de presse: \"La maison autarcique passe du r\u00eave \u00e0 la r\u00e9alit\u00e9\", 24 heures 10.01.17 - Maison Autarcique","isPartOf":{"@id":"http:\/\/www.en-autarcie.ch\/#website"},"datePublished":"2017-02-12T19:17:15+00:00","dateModified":"2017-02-12T19:29:39+00:00","breadcrumb":{"@id":"http:\/\/www.en-autarcie.ch\/index.php\/carnets-de-construction\/article-de-presse-maison-autarcique-passe-reve-a-realite-24-heures-10-01-17\/#breadcrumb"},"inLanguage":"fr-FR","potentialAction":[{"@type":"ReadAction","target":["http:\/\/www.en-autarcie.ch\/index.php\/carnets-de-construction\/article-de-presse-maison-autarcique-passe-reve-a-realite-24-heures-10-01-17\/"]}]},{"@type":"BreadcrumbList","@id":"http:\/\/www.en-autarcie.ch\/index.php\/carnets-de-construction\/article-de-presse-maison-autarcique-passe-reve-a-realite-24-heures-10-01-17\/#breadcrumb","itemListElement":[{"@type":"ListItem","position":1,"name":"Accueil","item":"http:\/\/www.en-autarcie.ch\/"},{"@type":"ListItem","position":2,"name":"Carnets de construction","item":"http:\/\/www.en-autarcie.ch\/index.php\/carnets-de-construction\/"},{"@type":"ListItem","position":3,"name":"Article de presse: \u00ab\u00a0La maison autarcique passe du r\u00eave \u00e0 la r\u00e9alit\u00e9\u00a0\u00bb, 24 heures 10.01.17"}]},{"@type":"WebSite","@id":"http:\/\/www.en-autarcie.ch\/#website","url":"http:\/\/www.en-autarcie.ch\/","name":"Maison Autarcique","description":"Premi\u00e8re maison autarcique, low-tech et permaculture de Suisse.","potentialAction":[{"@type":"SearchAction","target":{"@type":"EntryPoint","urlTemplate":"http:\/\/www.en-autarcie.ch\/?s={search_term_string}"},"query-input":"required name=search_term_string"}],"inLanguage":"fr-FR"}]}},"_links":{"self":[{"href":"https:\/\/www.en-autarcie.ch\/index.php\/wp-json\/wp\/v2\/pages\/1005"}],"collection":[{"href":"https:\/\/www.en-autarcie.ch\/index.php\/wp-json\/wp\/v2\/pages"}],"about":[{"href":"https:\/\/www.en-autarcie.ch\/index.php\/wp-json\/wp\/v2\/types\/page"}],"author":[{"embeddable":true,"href":"https:\/\/www.en-autarcie.ch\/index.php\/wp-json\/wp\/v2\/users\/2"}],"replies":[{"embeddable":true,"href":"https:\/\/www.en-autarcie.ch\/index.php\/wp-json\/wp\/v2\/comments?post=1005"}],"version-history":[{"count":2,"href":"https:\/\/www.en-autarcie.ch\/index.php\/wp-json\/wp\/v2\/pages\/1005\/revisions"}],"predecessor-version":[{"id":1010,"href":"https:\/\/www.en-autarcie.ch\/index.php\/wp-json\/wp\/v2\/pages\/1005\/revisions\/1010"}],"up":[{"embeddable":true,"href":"https:\/\/www.en-autarcie.ch\/index.php\/wp-json\/wp\/v2\/pages\/16"}],"wp:featuredmedia":[{"embeddable":true,"href":"https:\/\/www.en-autarcie.ch\/index.php\/wp-json\/wp\/v2\/media\/1009"}],"wp:attachment":[{"href":"https:\/\/www.en-autarcie.ch\/index.php\/wp-json\/wp\/v2\/media?parent=1005"}],"curies":[{"name":"wp","href":"https:\/\/api.w.org\/{rel}","templated":true}]}}