{"id":251,"date":"2015-10-03T17:02:49","date_gmt":"2015-10-03T16:02:49","guid":{"rendered":"http:\/\/www.en-autarcie.ch\/?page_id=251"},"modified":"2016-02-29T19:44:16","modified_gmt":"2016-02-29T18:44:16","slug":"29-09-15-article-de-presse-du-developpement-durable-maison-laliberte","status":"publish","type":"page","link":"https:\/\/www.en-autarcie.ch\/index.php\/carnets-de-construction\/29-09-15-article-de-presse-du-developpement-durable-maison-laliberte\/","title":{"rendered":"Article de presse: \u00ab\u00a0Du d\u00e9veloppement durable \u00ab\u00a0maison\u00a0\u00bb. LaLibert\u00e9 &#8211; 29.09.15."},"content":{"rendered":"<div class=\"fcbkbttn_buttons_block\" id=\"fcbkbttn_left\"><div class=\"fcbkbttn_button\">\n\t\t\t\t\t<a href=\"https:\/\/www.facebook.com\/\" target=\"_blank\">\n\t\t\t\t\t\t<img src=\"https:\/\/www.en-autarcie.ch\/wp-content\/plugins\/facebook-button-plugin\/images\/standard-facebook-ico.png\" alt=\"Fb-Button\" \/>\n\t\t\t\t\t<\/a>\n\t\t\t\t<\/div><div class=\"fcbkbttn_like \"><fb:like href=\"https:\/\/www.en-autarcie.ch\/index.php\/carnets-de-construction\/29-09-15-article-de-presse-du-developpement-durable-maison-laliberte\/\" action=\"like\" colorscheme=\"light\" layout=\"standard\"  width=\"225px\" size=\"small\"><\/fb:like><\/div><\/div><h4>Le journal LaLibert\u00e9 publie un reportage sur la c\u00e9r\u00e9monie du 1er coup de pelle.<\/h4>\n<p>&nbsp;<\/p>\n<p><a class=\"http:\/\/www.en-autarcie.ch\/wp-content\/uploads\/2015\/10\/En_Autarcie_laliberte_20150929.pdf\" href=\"http:\/\/www.en-autarcie.ch\/wp-content\/uploads\/2015\/10\/En_Autarcie_laliberte_20150929.pdf\" target=\"_blank\" rel=\"http:\/\/www.en-autarcie.ch\/wp-content\/uploads\/2015\/10\/En_Autarcie_laliberte_20150929.pdf\"><img loading=\"lazy\" class=\"http:\/\/www.en-autarcie.ch\/wp-content\/uploads\/2015\/10\/En_Autarcie_laliberte_20150929.pdf aligncenter wp-image-246 size-full\" title=\"http:\/\/www.en-autarcie.ch\/wp-content\/uploads\/2015\/10\/En_Autarcie_laliberte_20150929.pdf\" src=\"http:\/\/www.en-autarcie.ch\/wp-content\/uploads\/2015\/10\/Du-d\u00e9veloppement-durable-maison-LaLibert\u00e9-29-09-15.png\" alt=\"Du d\u00e9veloppement durable &quot;maison&quot;. LaLibert\u00e9 29-09-15\" width=\"611\" height=\"934\" srcset=\"https:\/\/www.en-autarcie.ch\/wp-content\/uploads\/2015\/10\/Du-d\u00e9veloppement-durable-maison-LaLibert\u00e9-29-09-15.png 611w, https:\/\/www.en-autarcie.ch\/wp-content\/uploads\/2015\/10\/Du-d\u00e9veloppement-durable-maison-LaLibert\u00e9-29-09-15-196x300.png 196w\" sizes=\"(max-width: 611px) 100vw, 611px\" \/><\/a><\/p>\n<p>&nbsp;<\/p>\n<p>-&gt; retour \u00e0 la page <a href=\"http:\/\/www.en-autarcie.ch\/index.php\/medias-et-publications-mediatiques\/\">m\u00e9dias\u00a0et parution m\u00e9diatiques<\/a>.<\/p>\n","protected":false},"excerpt":{"rendered":"<p>Le journal LaLibert\u00e9 publie un reportage sur la c\u00e9r\u00e9monie du 1er coup de pelle. &nbsp; &nbsp; -&gt; retour \u00e0 la page m\u00e9dias\u00a0et parution m\u00e9diatiques.<\/p>\n","protected":false},"author":2,"featured_media":258,"parent":16,"menu_order":99,"comment_status":"open","ping_status":"closed","template":"","meta":{"ngg_post_thumbnail":0},"yoast_head":"<!-- This site is optimized with the Yoast SEO plugin v20.6 - https:\/\/yoast.com\/wordpress\/plugins\/seo\/ -->\n<title>Article de presse: &quot;Du d\u00e9veloppement durable &quot;maison&quot;. LaLibert\u00e9 - 29.09.15. - Maison Autarcique<\/title>\n<meta name=\"robots\" content=\"index, follow, max-snippet:-1, max-image-preview:large, max-video-preview:-1\" \/>\n<link rel=\"canonical\" href=\"https:\/\/www.en-autarcie.ch\/index.php\/carnets-de-construction\/29-09-15-article-de-presse-du-developpement-durable-maison-laliberte\/\" \/>\n<meta property=\"og:locale\" content=\"fr_FR\" \/>\n<meta property=\"og:type\" content=\"article\" \/>\n<meta property=\"og:title\" content=\"Article de presse: &quot;Du d\u00e9veloppement durable &quot;maison&quot;. LaLibert\u00e9 - 29.09.15. - Maison Autarcique\" \/>\n<meta property=\"og:description\" content=\"Le journal LaLibert\u00e9 publie un reportage sur la c\u00e9r\u00e9monie du 1er coup de pelle. &nbsp; &nbsp; -&gt; retour \u00e0 la page m\u00e9dias\u00a0et parution m\u00e9diatiques.\" \/>\n<meta property=\"og:url\" content=\"https:\/\/www.en-autarcie.ch\/index.php\/carnets-de-construction\/29-09-15-article-de-presse-du-developpement-durable-maison-laliberte\/\" \/>\n<meta property=\"og:site_name\" content=\"Maison Autarcique\" \/>\n<meta property=\"article:modified_time\" content=\"2016-02-29T18:44:16+00:00\" \/>\n<meta property=\"og:image\" content=\"https:\/\/www.en-autarcie.ch\/wp-content\/uploads\/2015\/10\/Icon-article-LaLiberte.png\" \/>\n\t<meta property=\"og:image:width\" content=\"602\" \/>\n\t<meta property=\"og:image:height\" content=\"554\" \/>\n\t<meta property=\"og:image:type\" content=\"image\/png\" \/>\n<meta name=\"twitter:card\" content=\"summary_large_image\" \/>\n<script type=\"application\/ld+json\" class=\"yoast-schema-graph\">{\"@context\":\"https:\/\/schema.org\",\"@graph\":[{\"@type\":\"WebPage\",\"@id\":\"https:\/\/www.en-autarcie.ch\/index.php\/carnets-de-construction\/29-09-15-article-de-presse-du-developpement-durable-maison-laliberte\/\",\"url\":\"https:\/\/www.en-autarcie.ch\/index.php\/carnets-de-construction\/29-09-15-article-de-presse-du-developpement-durable-maison-laliberte\/\",\"name\":\"Article de presse: \\\"Du d\u00e9veloppement durable \\\"maison\\\". LaLibert\u00e9 - 29.09.15. - Maison Autarcique\",\"isPartOf\":{\"@id\":\"https:\/\/www.en-autarcie.ch\/#website\"},\"datePublished\":\"2015-10-03T16:02:49+00:00\",\"dateModified\":\"2016-02-29T18:44:16+00:00\",\"breadcrumb\":{\"@id\":\"https:\/\/www.en-autarcie.ch\/index.php\/carnets-de-construction\/29-09-15-article-de-presse-du-developpement-durable-maison-laliberte\/#breadcrumb\"},\"inLanguage\":\"fr-FR\",\"potentialAction\":[{\"@type\":\"ReadAction\",\"target\":[\"https:\/\/www.en-autarcie.ch\/index.php\/carnets-de-construction\/29-09-15-article-de-presse-du-developpement-durable-maison-laliberte\/\"]}]},{\"@type\":\"BreadcrumbList\",\"@id\":\"https:\/\/www.en-autarcie.ch\/index.php\/carnets-de-construction\/29-09-15-article-de-presse-du-developpement-durable-maison-laliberte\/#breadcrumb\",\"itemListElement\":[{\"@type\":\"ListItem\",\"position\":1,\"name\":\"Accueil\",\"item\":\"https:\/\/www.en-autarcie.ch\/\"},{\"@type\":\"ListItem\",\"position\":2,\"name\":\"Carnets de construction\",\"item\":\"https:\/\/www.en-autarcie.ch\/index.php\/carnets-de-construction\/\"},{\"@type\":\"ListItem\",\"position\":3,\"name\":\"Article de presse: \u00ab\u00a0Du d\u00e9veloppement durable \u00ab\u00a0maison\u00a0\u00bb. LaLibert\u00e9 &#8211; 29.09.15.\"}]},{\"@type\":\"WebSite\",\"@id\":\"https:\/\/www.en-autarcie.ch\/#website\",\"url\":\"https:\/\/www.en-autarcie.ch\/\",\"name\":\"Maison Autarcique\",\"description\":\"Premi\u00e8re maison autarcique, low-tech et permaculture de Suisse.\",\"potentialAction\":[{\"@type\":\"SearchAction\",\"target\":{\"@type\":\"EntryPoint\",\"urlTemplate\":\"https:\/\/www.en-autarcie.ch\/?s={search_term_string}\"},\"query-input\":\"required name=search_term_string\"}],\"inLanguage\":\"fr-FR\"}]}<\/script>\n<!-- \/ Yoast SEO plugin. -->","yoast_head_json":{"title":"Article de presse: \"Du d\u00e9veloppement durable \"maison\". LaLibert\u00e9 - 29.09.15. - Maison Autarcique","robots":{"index":"index","follow":"follow","max-snippet":"max-snippet:-1","max-image-preview":"max-image-preview:large","max-video-preview":"max-video-preview:-1"},"canonical":"https:\/\/www.en-autarcie.ch\/index.php\/carnets-de-construction\/29-09-15-article-de-presse-du-developpement-durable-maison-laliberte\/","og_locale":"fr_FR","og_type":"article","og_title":"Article de presse: \"Du d\u00e9veloppement durable \"maison\". LaLibert\u00e9 - 29.09.15. - Maison Autarcique","og_description":"Le journal LaLibert\u00e9 publie un reportage sur la c\u00e9r\u00e9monie du 1er coup de pelle. &nbsp; &nbsp; -&gt; retour \u00e0 la page m\u00e9dias\u00a0et parution m\u00e9diatiques.","og_url":"https:\/\/www.en-autarcie.ch\/index.php\/carnets-de-construction\/29-09-15-article-de-presse-du-developpement-durable-maison-laliberte\/","og_site_name":"Maison Autarcique","article_modified_time":"2016-02-29T18:44:16+00:00","og_image":[{"width":602,"height":554,"url":"https:\/\/www.en-autarcie.ch\/wp-content\/uploads\/2015\/10\/Icon-article-LaLiberte.png","type":"image\/png"}],"twitter_card":"summary_large_image","schema":{"@context":"https:\/\/schema.org","@graph":[{"@type":"WebPage","@id":"https:\/\/www.en-autarcie.ch\/index.php\/carnets-de-construction\/29-09-15-article-de-presse-du-developpement-durable-maison-laliberte\/","url":"https:\/\/www.en-autarcie.ch\/index.php\/carnets-de-construction\/29-09-15-article-de-presse-du-developpement-durable-maison-laliberte\/","name":"Article de presse: \"Du d\u00e9veloppement durable \"maison\". LaLibert\u00e9 - 29.09.15. - Maison Autarcique","isPartOf":{"@id":"https:\/\/www.en-autarcie.ch\/#website"},"datePublished":"2015-10-03T16:02:49+00:00","dateModified":"2016-02-29T18:44:16+00:00","breadcrumb":{"@id":"https:\/\/www.en-autarcie.ch\/index.php\/carnets-de-construction\/29-09-15-article-de-presse-du-developpement-durable-maison-laliberte\/#breadcrumb"},"inLanguage":"fr-FR","potentialAction":[{"@type":"ReadAction","target":["https:\/\/www.en-autarcie.ch\/index.php\/carnets-de-construction\/29-09-15-article-de-presse-du-developpement-durable-maison-laliberte\/"]}]},{"@type":"BreadcrumbList","@id":"https:\/\/www.en-autarcie.ch\/index.php\/carnets-de-construction\/29-09-15-article-de-presse-du-developpement-durable-maison-laliberte\/#breadcrumb","itemListElement":[{"@type":"ListItem","position":1,"name":"Accueil","item":"https:\/\/www.en-autarcie.ch\/"},{"@type":"ListItem","position":2,"name":"Carnets de construction","item":"https:\/\/www.en-autarcie.ch\/index.php\/carnets-de-construction\/"},{"@type":"ListItem","position":3,"name":"Article de presse: \u00ab\u00a0Du d\u00e9veloppement durable \u00ab\u00a0maison\u00a0\u00bb. LaLibert\u00e9 &#8211; 29.09.15."}]},{"@type":"WebSite","@id":"https:\/\/www.en-autarcie.ch\/#website","url":"https:\/\/www.en-autarcie.ch\/","name":"Maison Autarcique","description":"Premi\u00e8re maison autarcique, low-tech et permaculture de Suisse.","potentialAction":[{"@type":"SearchAction","target":{"@type":"EntryPoint","urlTemplate":"https:\/\/www.en-autarcie.ch\/?s={search_term_string}"},"query-input":"required name=search_term_string"}],"inLanguage":"fr-FR"}]}},"_links":{"self":[{"href":"https:\/\/www.en-autarcie.ch\/index.php\/wp-json\/wp\/v2\/pages\/251"}],"collection":[{"href":"https:\/\/www.en-autarcie.ch\/index.php\/wp-json\/wp\/v2\/pages"}],"about":[{"href":"https:\/\/www.en-autarcie.ch\/index.php\/wp-json\/wp\/v2\/types\/page"}],"author":[{"embeddable":true,"href":"https:\/\/www.en-autarcie.ch\/index.php\/wp-json\/wp\/v2\/users\/2"}],"replies":[{"embeddable":true,"href":"https:\/\/www.en-autarcie.ch\/index.php\/wp-json\/wp\/v2\/comments?post=251"}],"version-history":[{"count":7,"href":"https:\/\/www.en-autarcie.ch\/index.php\/wp-json\/wp\/v2\/pages\/251\/revisions"}],"predecessor-version":[{"id":659,"href":"https:\/\/www.en-autarcie.ch\/index.php\/wp-json\/wp\/v2\/pages\/251\/revisions\/659"}],"up":[{"embeddable":true,"href":"https:\/\/www.en-autarcie.ch\/index.php\/wp-json\/wp\/v2\/pages\/16"}],"wp:featuredmedia":[{"embeddable":true,"href":"https:\/\/www.en-autarcie.ch\/index.php\/wp-json\/wp\/v2\/media\/258"}],"wp:attachment":[{"href":"https:\/\/www.en-autarcie.ch\/index.php\/wp-json\/wp\/v2\/media?parent=251"}],"curies":[{"name":"wp","href":"https:\/\/api.w.org\/{rel}","templated":true}]}}