{"id":425,"date":"2015-12-20T20:35:41","date_gmt":"2015-12-20T19:35:41","guid":{"rendered":"http:\/\/www.en-autarcie.ch\/?page_id=425"},"modified":"2015-12-20T21:04:00","modified_gmt":"2015-12-20T20:04:00","slug":"ca-fait-pas-un-peu-beaucoup-de-beton-pour-une-maison-en-paille","status":"publish","type":"page","link":"https:\/\/www.en-autarcie.ch\/index.php\/carnets-de-construction\/ca-fait-pas-un-peu-beaucoup-de-beton-pour-une-maison-en-paille\/","title":{"rendered":"\u00ab\u00a0\u00c7a fait pas un peu beaucoup de b\u00e9ton pour une maison en paille ?\u00a0\u00bb 20.12.15"},"content":{"rendered":"<div class=\"fcbkbttn_buttons_block\" id=\"fcbkbttn_left\"><div class=\"fcbkbttn_button\">\n\t\t\t\t\t<a href=\"https:\/\/www.facebook.com\/\" target=\"_blank\">\n\t\t\t\t\t\t<img src=\"https:\/\/www.en-autarcie.ch\/wp-content\/plugins\/facebook-button-plugin\/images\/standard-facebook-ico.png\" alt=\"Fb-Button\" \/>\n\t\t\t\t\t<\/a>\n\t\t\t\t<\/div><div class=\"fcbkbttn_like \"><fb:like href=\"https:\/\/www.en-autarcie.ch\/index.php\/carnets-de-construction\/ca-fait-pas-un-peu-beaucoup-de-beton-pour-une-maison-en-paille\/\" action=\"like\" colorscheme=\"light\" layout=\"standard\"  width=\"225px\" size=\"small\"><\/fb:like><\/div><\/div><h4>Du b\u00e9ton oui&#8230; mais recycl\u00e9!<\/h4>\n<p>\u00ab\u00a0\u00c7a fait pas un peu beaucoup de b\u00e9ton pour une maison \u00e9cologique\u2026, je croyais que vous construisiez une maison en paille\u00a0?\u00a0\u00bb, demande une voisine surprise du bal des camions-pompe des derni\u00e8res semaines. Une question qui &#8211; sans le savoir &#8211; retourne le couteau dans la plaie des porteurs de projet.<\/p>\n<div id=\"attachment_407\" style=\"width: 728px\" class=\"wp-caption aligncenter\"><a href=\"http:\/\/www.en-autarcie.ch\/wp-content\/uploads\/2015\/10\/15-11-30-livraison-b\u00e9ton.png\"><img aria-describedby=\"caption-attachment-407\" loading=\"lazy\" class=\"size-large wp-image-407\" src=\"http:\/\/www.en-autarcie.ch\/wp-content\/uploads\/2015\/10\/15-11-30-livraison-b\u00e9ton-1024x678.png\" alt=\"20.11.15 Livraison de b\u00e9ton\" width=\"718\" height=\"475\" srcset=\"https:\/\/www.en-autarcie.ch\/wp-content\/uploads\/2015\/10\/15-11-30-livraison-b\u00e9ton-1024x678.png 1024w, https:\/\/www.en-autarcie.ch\/wp-content\/uploads\/2015\/10\/15-11-30-livraison-b\u00e9ton-300x199.png 300w\" sizes=\"(max-width: 718px) 100vw, 718px\" \/><\/a><p id=\"caption-attachment-407\" class=\"wp-caption-text\">20.11.15 Livraison de b\u00e9ton avec un camion-pompe.<\/p><\/div>\n<p>&nbsp;<\/p>\n<p>Le projet initial pr\u00e9voyait des fondations l\u00e9g\u00e8res, c\u2019est-\u00e0-dire des pieux en gravier l\u00e9g\u00e8rement b\u00e9tonn\u00e9s sur lesquels repose une structure en bois. Mais il se trouve que la parcelle de Ch\u00e2tillon est en pente et, malchance, est situ\u00e9e en zone de glissement 1. Pas de raison de s\u2019affoler pour autant car l\u2019\u00e9chelle des risques de glissement de terrain va jusqu\u2019\u00e0 5. Mais autant dire que dans ces conditions, le concept initial n\u2019a pas tenu le coup face aux experts des sous-sols. G\u00e9ologue, ing\u00e9nieur civil, services cantonaux sont unanimes\u00a0: pour construire \u00e0 cet endroit, il va falloir prendre un abonnement chez Holcim.<\/p>\n<p>&nbsp;<\/p>\n<p><img loading=\"lazy\" class=\"wp-image-428 alignright\" src=\"http:\/\/www.en-autarcie.ch\/wp-content\/uploads\/2015\/12\/Encart-b\u00e9ton.png\" alt=\"Encart b\u00e9ton\" width=\"293\" height=\"367\" srcset=\"https:\/\/www.en-autarcie.ch\/wp-content\/uploads\/2015\/12\/Encart-b\u00e9ton.png 491w, https:\/\/www.en-autarcie.ch\/wp-content\/uploads\/2015\/12\/Encart-b\u00e9ton-239x300.png 239w\" sizes=\"(max-width: 293px) 100vw, 293px\" \/><\/p>\n<p>Toutes les maisons r\u00e9centes (ou presque) sont r\u00e9alis\u00e9es avec des fondations en b\u00e9ton. Un mat\u00e9riau aux performances dans le temps extraordinaires, mais qui consomme une quantit\u00e9 d\u2019\u00e9nergie faramineuse pour sa production. A tel point, que la cr\u00e9ation de b\u00e9ton serait responsable de 10% des \u00e9missions mondiales de CO2. A quoi, il faut encore ajouter de grands volumes de graviers extraits du sol et souvent des produits chimiques des moins sympathiques. Bref, le b\u00e9ton, ce n&rsquo;est pas exactement l&rsquo;ami de la nature.<\/p>\n<p>&nbsp;<\/p>\n<p><strong>Maison autarcique &#8230; et b\u00e9ton?<\/strong><strong>\u00a0<\/strong><\/p>\n<p>Cette maison autarcique consommera si peu d\u2019\u00e9nergie que la chaleur d\u00e9gag\u00e9e par le corps de ses habitants combin\u00e9e \u00e0 la chaleur apport\u00e9e par le soleil suffit \u00e0 la chauffer. On peut donc dire \u00e0 ce stade que cette maison ne consommera pas d\u2019\u00e9nergie. Sauf qu\u2019il faut d&rsquo;abord construire la b\u00e2tisse et en g\u00e9n\u00e9ral, bien des ann\u00e9es plus tard, la d\u00e9molir. Ces op\u00e9rations n\u00e9cessitent des machines et des camions qui consomment \u00e9galement de l\u2019\u00e9nergie. Cette derni\u00e8re est appel\u00e9e \u00ab\u00a0\u00e9nergie grise\u00a0\u00bb. Elle existe dans tous les produits que nous consommons.<\/p>\n<p>&nbsp;<\/p>\n<p>A l\u2019exception du b\u00e9ton, presque tous les mat\u00e9riaux viendront de la r\u00e9gion et ne n\u00e9cessiteront aucune transformation industrielle. Notre paille de Molondin (<a href=\"http:\/\/www.en-autarcie.ch\/index.php\/carnets-de-construction\/recolte-de-la-paille-juillet-2015\/\">voir blog \u00e0 ce sujet<\/a>) ou le bois de for\u00eats fribourgeoises ne contiennent presque pratiquement pas d\u2019\u00e9nergie grise et auront r\u00e9alis\u00e9 entre 10 et 50 km pour \u00eatre apport\u00e9s sur le chantier. Le b\u00e9ton coul\u00e9 ici est donc clairement le talon d&rsquo;Achille du projet.<\/p>\n<p>&nbsp;<\/p>\n\n\t\t<style type=\"text\/css\">\n\t\t\t#gallery-1 {\n\t\t\t\tmargin: auto;\n\t\t\t}\n\t\t\t#gallery-1 .gallery-item {\n\t\t\t\tfloat: left;\n\t\t\t\tmargin-top: 10px;\n\t\t\t\ttext-align: center;\n\t\t\t\twidth: 50%;\n\t\t\t}\n\t\t\t#gallery-1 img {\n\t\t\t\tborder: 2px solid #cfcfcf;\n\t\t\t}\n\t\t\t#gallery-1 .gallery-caption {\n\t\t\t\tmargin-left: 0;\n\t\t\t}\n\t\t\t\/* see gallery_shortcode() in wp-includes\/media.php *\/\n\t\t<\/style>\n\t\t<div id='gallery-1' class='gallery galleryid-425 gallery-columns-2 gallery-size-medium'><dl class='gallery-item'>\n\t\t\t<dt class='gallery-icon landscape'>\n\t\t\t\t<img width=\"300\" height=\"199\" src=\"https:\/\/www.en-autarcie.ch\/wp-content\/uploads\/2015\/10\/15-11-06-300x199.png\" class=\"attachment-medium size-medium\" alt=\"\" loading=\"lazy\" aria-describedby=\"gallery-1-390\" srcset=\"https:\/\/www.en-autarcie.ch\/wp-content\/uploads\/2015\/10\/15-11-06-300x199.png 300w, https:\/\/www.en-autarcie.ch\/wp-content\/uploads\/2015\/10\/15-11-06-1024x678.png 1024w\" sizes=\"(max-width: 300px) 100vw, 300px\" \/>\n\t\t\t<\/dt>\n\t\t\t\t<dd class='wp-caption-text gallery-caption' id='gallery-1-390'>\n\t\t\t\t06.11.15 Le premier radier est coul\u00e9\n\t\t\t\t<\/dd><\/dl><dl class='gallery-item'>\n\t\t\t<dt class='gallery-icon landscape'>\n\t\t\t\t<img width=\"300\" height=\"199\" src=\"https:\/\/www.en-autarcie.ch\/wp-content\/uploads\/2015\/10\/15-11-05-300x199.png\" class=\"attachment-medium size-medium\" alt=\"\" loading=\"lazy\" aria-describedby=\"gallery-1-363\" srcset=\"https:\/\/www.en-autarcie.ch\/wp-content\/uploads\/2015\/10\/15-11-05-300x199.png 300w, https:\/\/www.en-autarcie.ch\/wp-content\/uploads\/2015\/10\/15-11-05-1024x678.png 1024w\" sizes=\"(max-width: 300px) 100vw, 300px\" \/>\n\t\t\t<\/dt>\n\t\t\t\t<dd class='wp-caption-text gallery-caption' id='gallery-1-363'>\n\t\t\t\t05.11.15 Pose des armatures pour la dalle du sous-sol.\n\t\t\t\t<\/dd><\/dl><br style=\"clear: both\" \/><dl class='gallery-item'>\n\t\t\t<dt class='gallery-icon landscape'>\n\t\t\t\t<img width=\"300\" height=\"199\" src=\"https:\/\/www.en-autarcie.ch\/wp-content\/uploads\/2015\/10\/15-11-30-vibreur-300x199.png\" class=\"attachment-medium size-medium\" alt=\"\" loading=\"lazy\" aria-describedby=\"gallery-1-408\" srcset=\"https:\/\/www.en-autarcie.ch\/wp-content\/uploads\/2015\/10\/15-11-30-vibreur-300x199.png 300w, https:\/\/www.en-autarcie.ch\/wp-content\/uploads\/2015\/10\/15-11-30-vibreur-1024x678.png 1024w\" sizes=\"(max-width: 300px) 100vw, 300px\" \/>\n\t\t\t<\/dt>\n\t\t\t\t<dd class='wp-caption-text gallery-caption' id='gallery-1-408'>\n\t\t\t\t30.11.15 Vibrer le b\u00e9ton pour le fuidifier\n\t\t\t\t<\/dd><\/dl><dl class='gallery-item'>\n\t\t\t<dt class='gallery-icon landscape'>\n\t\t\t\t<img width=\"300\" height=\"199\" src=\"https:\/\/www.en-autarcie.ch\/wp-content\/uploads\/2015\/10\/15-11-17-300x199.png\" class=\"attachment-medium size-medium\" alt=\"\" loading=\"lazy\" aria-describedby=\"gallery-1-391\" srcset=\"https:\/\/www.en-autarcie.ch\/wp-content\/uploads\/2015\/10\/15-11-17-300x199.png 300w, https:\/\/www.en-autarcie.ch\/wp-content\/uploads\/2015\/10\/15-11-17-1024x678.png 1024w\" sizes=\"(max-width: 300px) 100vw, 300px\" \/>\n\t\t\t<\/dt>\n\t\t\t\t<dd class='wp-caption-text gallery-caption' id='gallery-1-391'>\n\t\t\t\t17.11.15 D\u00e9coffrage du mur\n\t\t\t\t<\/dd><\/dl><br style=\"clear: both\" \/>\n\t\t<\/div>\n\n<p>&nbsp;<\/p>\n<h4>B\u00e9ton ou b\u00e9ton recycl\u00e9?\u00a0Interview\u00a0de Marc Muller, co-initiateur du projet <a href=\"http:\/\/www.en-autarcie.ch\">www.en-autarcie.ch<\/a><\/h4>\n<p>&nbsp;<\/p>\n<p><strong>www.en-autarcie.ch\u00a0: <\/strong><strong>Pourquoi <img loading=\"lazy\" class=\"alignleft wp-image-314 size-full\" src=\"http:\/\/www.en-autarcie.ch\/wp-content\/uploads\/2015\/10\/Portrait-Marc-e1443906001171.png\" alt=\"Portrait Marc Muller\" width=\"136\" height=\"200\" \/>avoir renonc\u00e9 au concept initial\u00a0de fondations l\u00e9g\u00e8res?<\/strong><\/p>\n<p>C\u2019est une question d\u2019assurance et de permis de construire. Personne ne va prendre le risque de valider une fondation l\u00e9g\u00e8re sur un terrain comme celui-ci. M\u00eame si, \u00e0 mon avis, cela ne serait pas compl\u00e8tement irr\u00e9aliste.<\/p>\n<p>&nbsp;<\/p>\n<p><strong>Les maisons en Suisse, y compris les chalets de montage dans des fortes pentes ont parfois plus de 300 ans\u2026 A cette \u00e9poque il n\u2019existait pas de b\u00e9ton, non\u00a0?<\/strong><\/p>\n<p>C\u2019est juste, \u00e0 l\u2019\u00e9poque on construisait des fermes ou des chalets sur des fondations avec des cailloux empil\u00e9s, parfois coll\u00e9s ensemble \u00e0 la chaux. Mais presque plus personne ne sait construire ainsi. Et la qualit\u00e9 Suisse fait qu\u2019on dimensionne parfois tout de fa\u00e7on exag\u00e9r\u00e9ment solide. Nos fondations, dans 300 ans, elles seront encore l\u00e0, c\u2019est s\u00fbr\u00a0!<\/p>\n<p>&nbsp;<\/p>\n<p><strong>Que pouvez-vous faire pour diminuer l\u2019impact environnemental du b\u00e9ton dans les fondations\u00a0?<\/strong><\/p>\n<p>On essaie d\u2019utiliser du b\u00e9ton recycl\u00e9 l\u00e0 o\u00f9 cela est possible. Mais peu de professionnels connaissent ce nouveau mat\u00e9riau.<\/p>\n<p>Le b\u00e9ton recycl\u00e9 signifie qu&rsquo;au lieu d\u2019utiliser du grava extrait de gisements nuisants et non renouvelables, on utilise des mat\u00e9riaux r\u00e9cup\u00e9r\u00e9s de la d\u00e9molition d\u2019un immeuble. Ceux-ci sont ensuite broy\u00e9s, puis li\u00e9s avec du ciment comme un autre b\u00e9ton. Le cycle du b\u00e9ton est ainsi au moins partiellement ferm\u00e9 et l&rsquo;impact environnemental r\u00e9duit.<\/p>\n<p>&nbsp;<\/p>\n<h4>\u00a0Liens utiles pour l&rsquo;utilisation de b\u00e9ton recycl\u00e9:<\/h4>\n<ul>\n<li>Informations de Holcim, le seul cimentier \u00e0 notre connaissance livrant du b\u00e9ton recycl\u00e9: <a href=\"http:\/\/www.holcim.ch\/fr\/produits-et-services\/specialites\/beton-de-recyclage.html\">http:\/\/www.holcim.ch\/fr\/produits-et-services\/specialites\/beton-de-recyclage.html<\/a><\/li>\n<li>Institut de recherche \u00e0 la Haute Ecole de Gestion et d&rsquo;Ingenierie (HEIG-VD) sur le b\u00e9ton recycl\u00e9:\u00a0http:\/<a href=\"http:\/\/www.heig-vd.ch\/rad\/g2c\/projets\">http:\/\/www.heig-vd.ch\/rad\/g2c\/projets<\/a><\/li>\n<\/ul>\n<p>&nbsp;<\/p>\n","protected":false},"excerpt":{"rendered":"<p>Du b\u00e9ton oui&#8230; mais recycl\u00e9! \u00ab\u00a0\u00c7a fait pas un peu beaucoup de b\u00e9ton pour une maison \u00e9cologique\u2026, je croyais que vous construisiez une maison en paille\u00a0?\u00a0\u00bb, demande une voisine surprise du bal des camions-pompe des derni\u00e8res semaines. Une question qui &#8211; sans le savoir &#8211; retourne le couteau dans la plaie des porteurs de projet. [&hellip;]<\/p>\n","protected":false},"author":2,"featured_media":440,"parent":16,"menu_order":94,"comment_status":"closed","ping_status":"closed","template":"","meta":{"ngg_post_thumbnail":0},"yoast_head":"<!-- This site is optimized with the Yoast SEO plugin v20.6 - https:\/\/yoast.com\/wordpress\/plugins\/seo\/ -->\n<title>&quot;\u00c7a fait pas un peu beaucoup de b\u00e9ton pour une maison en paille ?&quot; 20.12.15 - Maison Autarcique<\/title>\n<meta name=\"robots\" content=\"index, follow, max-snippet:-1, max-image-preview:large, max-video-preview:-1\" \/>\n<link rel=\"canonical\" href=\"https:\/\/www.en-autarcie.ch\/index.php\/carnets-de-construction\/ca-fait-pas-un-peu-beaucoup-de-beton-pour-une-maison-en-paille\/\" \/>\n<meta property=\"og:locale\" content=\"fr_FR\" \/>\n<meta property=\"og:type\" content=\"article\" \/>\n<meta property=\"og:title\" content=\"&quot;\u00c7a fait pas un peu beaucoup de b\u00e9ton pour une maison en paille ?&quot; 20.12.15 - Maison Autarcique\" \/>\n<meta property=\"og:description\" content=\"Du b\u00e9ton oui&#8230; mais recycl\u00e9! \u00ab\u00a0\u00c7a fait pas un peu beaucoup de b\u00e9ton pour une maison \u00e9cologique\u2026, je croyais que vous construisiez une maison en paille\u00a0?\u00a0\u00bb, demande une voisine surprise du bal des camions-pompe des derni\u00e8res semaines. Une question qui &#8211; sans le savoir &#8211; retourne le couteau dans la plaie des porteurs de projet. [&hellip;]\" \/>\n<meta property=\"og:url\" content=\"https:\/\/www.en-autarcie.ch\/index.php\/carnets-de-construction\/ca-fait-pas-un-peu-beaucoup-de-beton-pour-une-maison-en-paille\/\" \/>\n<meta property=\"og:site_name\" content=\"Maison Autarcique\" \/>\n<meta property=\"article:modified_time\" content=\"2015-12-20T20:04:00+00:00\" \/>\n<meta property=\"og:image\" content=\"https:\/\/www.en-autarcie.ch\/wp-content\/uploads\/2015\/12\/Encart-b\u00e9ton1.png\" \/>\n\t<meta property=\"og:image:width\" content=\"500\" \/>\n\t<meta property=\"og:image:height\" content=\"500\" \/>\n\t<meta property=\"og:image:type\" content=\"image\/png\" \/>\n<meta name=\"twitter:card\" content=\"summary_large_image\" \/>\n<meta name=\"twitter:label1\" content=\"Dur\u00e9e de lecture estim\u00e9e\" \/>\n\t<meta name=\"twitter:data1\" content=\"4 minutes\" \/>\n<script type=\"application\/ld+json\" class=\"yoast-schema-graph\">{\"@context\":\"https:\/\/schema.org\",\"@graph\":[{\"@type\":\"WebPage\",\"@id\":\"https:\/\/www.en-autarcie.ch\/index.php\/carnets-de-construction\/ca-fait-pas-un-peu-beaucoup-de-beton-pour-une-maison-en-paille\/\",\"url\":\"https:\/\/www.en-autarcie.ch\/index.php\/carnets-de-construction\/ca-fait-pas-un-peu-beaucoup-de-beton-pour-une-maison-en-paille\/\",\"name\":\"\\\"\u00c7a fait pas un peu beaucoup de b\u00e9ton pour une maison en paille ?\\\" 20.12.15 - Maison Autarcique\",\"isPartOf\":{\"@id\":\"https:\/\/www.en-autarcie.ch\/#website\"},\"datePublished\":\"2015-12-20T19:35:41+00:00\",\"dateModified\":\"2015-12-20T20:04:00+00:00\",\"breadcrumb\":{\"@id\":\"https:\/\/www.en-autarcie.ch\/index.php\/carnets-de-construction\/ca-fait-pas-un-peu-beaucoup-de-beton-pour-une-maison-en-paille\/#breadcrumb\"},\"inLanguage\":\"fr-FR\",\"potentialAction\":[{\"@type\":\"ReadAction\",\"target\":[\"https:\/\/www.en-autarcie.ch\/index.php\/carnets-de-construction\/ca-fait-pas-un-peu-beaucoup-de-beton-pour-une-maison-en-paille\/\"]}]},{\"@type\":\"BreadcrumbList\",\"@id\":\"https:\/\/www.en-autarcie.ch\/index.php\/carnets-de-construction\/ca-fait-pas-un-peu-beaucoup-de-beton-pour-une-maison-en-paille\/#breadcrumb\",\"itemListElement\":[{\"@type\":\"ListItem\",\"position\":1,\"name\":\"Accueil\",\"item\":\"https:\/\/www.en-autarcie.ch\/\"},{\"@type\":\"ListItem\",\"position\":2,\"name\":\"Carnets de construction\",\"item\":\"https:\/\/www.en-autarcie.ch\/index.php\/carnets-de-construction\/\"},{\"@type\":\"ListItem\",\"position\":3,\"name\":\"\u00ab\u00a0\u00c7a fait pas un peu beaucoup de b\u00e9ton pour une maison en paille ?\u00a0\u00bb 20.12.15\"}]},{\"@type\":\"WebSite\",\"@id\":\"https:\/\/www.en-autarcie.ch\/#website\",\"url\":\"https:\/\/www.en-autarcie.ch\/\",\"name\":\"Maison Autarcique\",\"description\":\"Premi\u00e8re maison autarcique, low-tech et permaculture de Suisse.\",\"potentialAction\":[{\"@type\":\"SearchAction\",\"target\":{\"@type\":\"EntryPoint\",\"urlTemplate\":\"https:\/\/www.en-autarcie.ch\/?s={search_term_string}\"},\"query-input\":\"required name=search_term_string\"}],\"inLanguage\":\"fr-FR\"}]}<\/script>\n<!-- \/ Yoast SEO plugin. -->","yoast_head_json":{"title":"\"\u00c7a fait pas un peu beaucoup de b\u00e9ton pour une maison en paille ?\" 20.12.15 - Maison Autarcique","robots":{"index":"index","follow":"follow","max-snippet":"max-snippet:-1","max-image-preview":"max-image-preview:large","max-video-preview":"max-video-preview:-1"},"canonical":"https:\/\/www.en-autarcie.ch\/index.php\/carnets-de-construction\/ca-fait-pas-un-peu-beaucoup-de-beton-pour-une-maison-en-paille\/","og_locale":"fr_FR","og_type":"article","og_title":"\"\u00c7a fait pas un peu beaucoup de b\u00e9ton pour une maison en paille ?\" 20.12.15 - Maison Autarcique","og_description":"Du b\u00e9ton oui&#8230; mais recycl\u00e9! \u00ab\u00a0\u00c7a fait pas un peu beaucoup de b\u00e9ton pour une maison \u00e9cologique\u2026, je croyais que vous construisiez une maison en paille\u00a0?\u00a0\u00bb, demande une voisine surprise du bal des camions-pompe des derni\u00e8res semaines. Une question qui &#8211; sans le savoir &#8211; retourne le couteau dans la plaie des porteurs de projet. [&hellip;]","og_url":"https:\/\/www.en-autarcie.ch\/index.php\/carnets-de-construction\/ca-fait-pas-un-peu-beaucoup-de-beton-pour-une-maison-en-paille\/","og_site_name":"Maison Autarcique","article_modified_time":"2015-12-20T20:04:00+00:00","og_image":[{"width":500,"height":500,"url":"https:\/\/www.en-autarcie.ch\/wp-content\/uploads\/2015\/12\/Encart-b\u00e9ton1.png","type":"image\/png"}],"twitter_card":"summary_large_image","twitter_misc":{"Dur\u00e9e de lecture estim\u00e9e":"4 minutes"},"schema":{"@context":"https:\/\/schema.org","@graph":[{"@type":"WebPage","@id":"https:\/\/www.en-autarcie.ch\/index.php\/carnets-de-construction\/ca-fait-pas-un-peu-beaucoup-de-beton-pour-une-maison-en-paille\/","url":"https:\/\/www.en-autarcie.ch\/index.php\/carnets-de-construction\/ca-fait-pas-un-peu-beaucoup-de-beton-pour-une-maison-en-paille\/","name":"\"\u00c7a fait pas un peu beaucoup de b\u00e9ton pour une maison en paille ?\" 20.12.15 - Maison Autarcique","isPartOf":{"@id":"https:\/\/www.en-autarcie.ch\/#website"},"datePublished":"2015-12-20T19:35:41+00:00","dateModified":"2015-12-20T20:04:00+00:00","breadcrumb":{"@id":"https:\/\/www.en-autarcie.ch\/index.php\/carnets-de-construction\/ca-fait-pas-un-peu-beaucoup-de-beton-pour-une-maison-en-paille\/#breadcrumb"},"inLanguage":"fr-FR","potentialAction":[{"@type":"ReadAction","target":["https:\/\/www.en-autarcie.ch\/index.php\/carnets-de-construction\/ca-fait-pas-un-peu-beaucoup-de-beton-pour-une-maison-en-paille\/"]}]},{"@type":"BreadcrumbList","@id":"https:\/\/www.en-autarcie.ch\/index.php\/carnets-de-construction\/ca-fait-pas-un-peu-beaucoup-de-beton-pour-une-maison-en-paille\/#breadcrumb","itemListElement":[{"@type":"ListItem","position":1,"name":"Accueil","item":"https:\/\/www.en-autarcie.ch\/"},{"@type":"ListItem","position":2,"name":"Carnets de construction","item":"https:\/\/www.en-autarcie.ch\/index.php\/carnets-de-construction\/"},{"@type":"ListItem","position":3,"name":"\u00ab\u00a0\u00c7a fait pas un peu beaucoup de b\u00e9ton pour une maison en paille ?\u00a0\u00bb 20.12.15"}]},{"@type":"WebSite","@id":"https:\/\/www.en-autarcie.ch\/#website","url":"https:\/\/www.en-autarcie.ch\/","name":"Maison Autarcique","description":"Premi\u00e8re maison autarcique, low-tech et permaculture de Suisse.","potentialAction":[{"@type":"SearchAction","target":{"@type":"EntryPoint","urlTemplate":"https:\/\/www.en-autarcie.ch\/?s={search_term_string}"},"query-input":"required name=search_term_string"}],"inLanguage":"fr-FR"}]}},"_links":{"self":[{"href":"https:\/\/www.en-autarcie.ch\/index.php\/wp-json\/wp\/v2\/pages\/425"}],"collection":[{"href":"https:\/\/www.en-autarcie.ch\/index.php\/wp-json\/wp\/v2\/pages"}],"about":[{"href":"https:\/\/www.en-autarcie.ch\/index.php\/wp-json\/wp\/v2\/types\/page"}],"author":[{"embeddable":true,"href":"https:\/\/www.en-autarcie.ch\/index.php\/wp-json\/wp\/v2\/users\/2"}],"replies":[{"embeddable":true,"href":"https:\/\/www.en-autarcie.ch\/index.php\/wp-json\/wp\/v2\/comments?post=425"}],"version-history":[{"count":9,"href":"https:\/\/www.en-autarcie.ch\/index.php\/wp-json\/wp\/v2\/pages\/425\/revisions"}],"predecessor-version":[{"id":441,"href":"https:\/\/www.en-autarcie.ch\/index.php\/wp-json\/wp\/v2\/pages\/425\/revisions\/441"}],"up":[{"embeddable":true,"href":"https:\/\/www.en-autarcie.ch\/index.php\/wp-json\/wp\/v2\/pages\/16"}],"wp:featuredmedia":[{"embeddable":true,"href":"https:\/\/www.en-autarcie.ch\/index.php\/wp-json\/wp\/v2\/media\/440"}],"wp:attachment":[{"href":"https:\/\/www.en-autarcie.ch\/index.php\/wp-json\/wp\/v2\/media?parent=425"}],"curies":[{"name":"wp","href":"https:\/\/api.w.org\/{rel}","templated":true}]}}