{"id":720,"date":"2016-04-03T20:17:40","date_gmt":"2016-04-03T19:17:40","guid":{"rendered":"http:\/\/www.en-autarcie.ch\/?page_id=720"},"modified":"2016-07-03T17:03:08","modified_gmt":"2016-07-03T16:03:08","slug":"720-2","status":"publish","type":"page","link":"https:\/\/www.en-autarcie.ch\/index.php\/carnets-de-construction\/720-2\/","title":{"rendered":"Deuxi\u00e8me soir\u00e9e \u00ab\u00a0portes ouvertes\u00a0\u00bb du chantier: \u00ab\u00a0on se r\u00e9jouit de voir \u00e7a quand ce sera termin\u00e9!\u00a0\u00bb &#8211; 17.04.16"},"content":{"rendered":"<div class=\"fcbkbttn_buttons_block\" id=\"fcbkbttn_left\"><div class=\"fcbkbttn_button\">\n\t\t\t\t\t<a href=\"https:\/\/www.facebook.com\/\" target=\"_blank\">\n\t\t\t\t\t\t<img src=\"https:\/\/www.en-autarcie.ch\/wp-content\/plugins\/facebook-button-plugin\/images\/standard-facebook-ico.png\" alt=\"Fb-Button\" \/>\n\t\t\t\t\t<\/a>\n\t\t\t\t<\/div><div class=\"fcbkbttn_like \"><fb:like href=\"https:\/\/www.en-autarcie.ch\/index.php\/carnets-de-construction\/720-2\/\" action=\"like\" colorscheme=\"light\" layout=\"standard\"  width=\"225px\" size=\"small\"><\/fb:like><\/div><\/div><h4>Deux fois par mois les\u00a0jeudis soir, des visites du chantier EnAutarcie sont organis\u00e9es. R\u00e9cit de la derni\u00e8re \u00e9dition &#8211; 03.04.16<\/h4>\n<p>Dessinateur en b\u00e2timent, professionnel de la construction, amateur de construction \u00e9cologique ou tout simplement curieux, c\u2019est un petit public enthousiaste qui s\u2019est r\u00e9uni \u00e0 Ch\u00e2tillon le jeudi 31 mars. Deuxi\u00e8me soir\u00e9e\u00a0 de la sorte, les portes du chantier EnAutarcie sont ouvertes r\u00e9guli\u00e8rement pour des visites.<\/p>\n<p><a href=\"http:\/\/www.en-autarcie.ch\/wp-content\/uploads\/2016\/04\/Visiteurs.png\" rel=\"attachment wp-att-722\"><img loading=\"lazy\" class=\"aligncenter size-large wp-image-722\" src=\"http:\/\/www.en-autarcie.ch\/wp-content\/uploads\/2016\/04\/Visiteurs-1024x612.png\" alt=\"Visiteurs\" width=\"718\" height=\"429\" srcset=\"https:\/\/www.en-autarcie.ch\/wp-content\/uploads\/2016\/04\/Visiteurs-1024x612.png 1024w, https:\/\/www.en-autarcie.ch\/wp-content\/uploads\/2016\/04\/Visiteurs-300x179.png 300w, https:\/\/www.en-autarcie.ch\/wp-content\/uploads\/2016\/04\/Visiteurs-768x459.png 768w, https:\/\/www.en-autarcie.ch\/wp-content\/uploads\/2016\/04\/Visiteurs-200x120.png 200w, https:\/\/www.en-autarcie.ch\/wp-content\/uploads\/2016\/04\/Visiteurs.png 1922w\" sizes=\"(max-width: 718px) 100vw, 718px\" \/><\/a><\/p>\n<p>&nbsp;<\/p>\n<p>\u00ab\u00a0J\u2019ai trouv\u00e9 le projet par hasard sur internet\u00a0et j\u2019ai tout de suite eu envie de venir visiter cette maison en construction\u00a0\u00bb affirme une participante en introduction. Une fois les pr\u00e9sentations des visiteurs faites, la visite de chantier d\u00e9marre par une introduction g\u00e9n\u00e9rale du projet. \u00ab\u00a0Nous nous sommes inspir\u00e9s de la permaculture pour poser les bases de la construction \u00bb affirme Marc Muller, co-initiateur du projet. \u00ab Les fondamentaux de la permaculture d\u00e9finissent des zones alla<a href=\"http:\/\/www.en-autarcie.ch\/wp-content\/uploads\/2016\/04\/Visiteurs-sous-sol.png\" rel=\"attachment wp-att-721\"><img loading=\"lazy\" class=\"wp-image-721 alignleft\" src=\"http:\/\/www.en-autarcie.ch\/wp-content\/uploads\/2016\/04\/Visiteurs-sous-sol-576x1024.png\" alt=\"Visiteurs sous-sol\" width=\"256\" height=\"455\" srcset=\"https:\/\/www.en-autarcie.ch\/wp-content\/uploads\/2016\/04\/Visiteurs-sous-sol-576x1024.png 576w, https:\/\/www.en-autarcie.ch\/wp-content\/uploads\/2016\/04\/Visiteurs-sous-sol-169x300.png 169w, https:\/\/www.en-autarcie.ch\/wp-content\/uploads\/2016\/04\/Visiteurs-sous-sol-768x1365.png 768w, https:\/\/www.en-autarcie.ch\/wp-content\/uploads\/2016\/04\/Visiteurs-sous-sol.png 1152w\" sizes=\"(max-width: 256px) 100vw, 256px\" \/><\/a>nt de 0-5, 0 \u00e9tant celle o\u00f9 l\u2019on vit et 5 \u00e9tant la nature sauvage. Essentiel \u00e9galement, la zone 00 est celle de la spiritualit\u00e9 ou des convictions personnelles\u00a0\u00bb poursuit-il.<\/p>\n<p>&nbsp;<\/p>\n<p>Une th\u00e9orie que les visiteurs d\u00e9couvrent ensuite par la pratique au fur et \u00e0 mesure des explications sur le design de la maison et du r\u00f4le de chaque pi\u00e8ce. Le but \u00e9tant que cet habitat \u00e9cologique \u00e9volue aux mieux avec son environnement vivant. Les fen\u00eatres, les murs et les sols ont tous plusieurs fonctions en plus de celles que chacun connait\u00a0; apport d\u2019\u00e9nergie, diffusion de vapeur (les murs respirent), ou encore stockage de chaleur en sont autant d&rsquo;exemples concrets. Certains experts de la construction notent les techniques utilis\u00e9es et l\u00e2chent en cours de route \u00ab h\u00e9 bien, on se r\u00e9jouit de voir \u00e7a lorsque ce sera termin\u00e9\u00bb.<\/p>\n<p>&nbsp;<\/p>\n<p>Une fois les diff\u00e9rents \u00e9tages pr\u00e9sent\u00e9s du haut en bas &#8211; et surtout les espaces ext\u00e9rieurs -, le petit groupe \u00e9change encore quelques id\u00e9es et bons conseils au pied de l\u2019\u00e9difice. Ceux-ci seront certainement bien utiles car vu d\u2019en-bas\u2026 il reste encore un sacr\u00e9 travail\u00a0!<\/p>\n<p>&nbsp;<\/p>\n<h4>Prochaines visites:<\/h4>\n<p>Pour visiter vous aussi la maison autarcique, trouvez les dates des prochaines portes ouvertes ici:<\/p>\n<p><a href=\"http:\/\/www.en-autarcie.ch\/index.php\/evenements\/\">www.en-autarcie.ch\/evenements<\/a><\/p>\n<p>&nbsp;<\/p>\n<h4>Trois questions \u00e0 Barbara Droux, visiteuse durant les portes ouvertes.<\/h4>\n<p><a href=\"http:\/\/www.en-autarcie.ch\/wp-content\/uploads\/2016\/04\/Barbara-Droux.png\"><img loading=\"lazy\" class=\"wp-image-777 alignleft\" src=\"http:\/\/www.en-autarcie.ch\/wp-content\/uploads\/2016\/04\/Barbara-Droux.png\" alt=\"\" width=\"129\" height=\"169\" srcset=\"https:\/\/www.en-autarcie.ch\/wp-content\/uploads\/2016\/04\/Barbara-Droux.png 320w, https:\/\/www.en-autarcie.ch\/wp-content\/uploads\/2016\/04\/Barbara-Droux-229x300.png 229w\" sizes=\"(max-width: 129px) 100vw, 129px\" \/><\/a><strong>www.en-autarcie.ch: Pourquoi vouliez-vous visiter cette maison autarcique?<\/strong><\/p>\n<p><strong>Baraba Droux<\/strong>:<\/p>\n<p>L\u2019intrigue, la curiosit\u00e9. Il faut dire que ce type de construction n\u2019est pas courant par son principe de reliance de l\u2019homme avec la nature, dans un concept architectural moderne. Impliquant l\u2019autonomie \u00e9nerg\u00e9tique de cette maison.<\/p>\n<p>&nbsp;<\/p>\n<p><strong>Qu&rsquo;est-ce qui vous a le plus marqu\u00e9 durant la visite?<\/strong><\/p>\n<p>Une r\u00e9flexion subtile sur les mat\u00e9riaux et la structure.<\/p>\n<p>&nbsp;<\/p>\n<p><strong>Apr\u00e8s la visite, une maison autarcique, cela vous a plut\u00f4t convaincue ou rendue sceptique ?<\/strong><\/p>\n<p>Je suis ouverte \u00e0 ce type de construction.<\/p>\n","protected":false},"excerpt":{"rendered":"<p>Deux fois par mois les\u00a0jeudis soir, des visites du chantier EnAutarcie sont organis\u00e9es. R\u00e9cit de la derni\u00e8re \u00e9dition &#8211; 03.04.16 Dessinateur en b\u00e2timent, professionnel de la construction, amateur de construction \u00e9cologique ou tout simplement curieux, c\u2019est un petit public enthousiaste qui s\u2019est r\u00e9uni \u00e0 Ch\u00e2tillon le jeudi 31 mars. Deuxi\u00e8me soir\u00e9e\u00a0 de la sorte, les [&hellip;]<\/p>\n","protected":false},"author":2,"featured_media":722,"parent":16,"menu_order":89,"comment_status":"closed","ping_status":"closed","template":"","meta":{"ngg_post_thumbnail":0},"yoast_head":"<!-- This site is optimized with the Yoast SEO plugin v20.6 - https:\/\/yoast.com\/wordpress\/plugins\/seo\/ -->\n<title>Deuxi\u00e8me soir\u00e9e &quot;portes ouvertes&quot; du chantier: &quot;on se r\u00e9jouit de voir \u00e7a quand ce sera termin\u00e9!&quot; - 17.04.16 - Maison Autarcique<\/title>\n<meta name=\"robots\" content=\"index, follow, max-snippet:-1, max-image-preview:large, max-video-preview:-1\" \/>\n<link rel=\"canonical\" href=\"https:\/\/www.en-autarcie.ch\/index.php\/carnets-de-construction\/720-2\/\" \/>\n<meta property=\"og:locale\" content=\"fr_FR\" \/>\n<meta property=\"og:type\" content=\"article\" \/>\n<meta property=\"og:title\" content=\"Deuxi\u00e8me soir\u00e9e &quot;portes ouvertes&quot; du chantier: &quot;on se r\u00e9jouit de voir \u00e7a quand ce sera termin\u00e9!&quot; - 17.04.16 - Maison Autarcique\" \/>\n<meta property=\"og:description\" content=\"Deux fois par mois les\u00a0jeudis soir, des visites du chantier EnAutarcie sont organis\u00e9es. R\u00e9cit de la derni\u00e8re \u00e9dition &#8211; 03.04.16 Dessinateur en b\u00e2timent, professionnel de la construction, amateur de construction \u00e9cologique ou tout simplement curieux, c\u2019est un petit public enthousiaste qui s\u2019est r\u00e9uni \u00e0 Ch\u00e2tillon le jeudi 31 mars. Deuxi\u00e8me soir\u00e9e\u00a0 de la sorte, les [&hellip;]\" \/>\n<meta property=\"og:url\" content=\"https:\/\/www.en-autarcie.ch\/index.php\/carnets-de-construction\/720-2\/\" \/>\n<meta property=\"og:site_name\" content=\"Maison Autarcique\" \/>\n<meta property=\"article:modified_time\" content=\"2016-07-03T16:03:08+00:00\" \/>\n<meta property=\"og:image\" content=\"https:\/\/www.en-autarcie.ch\/wp-content\/uploads\/2016\/04\/Visiteurs-1024x612.png\" \/>\n\t<meta property=\"og:image:width\" content=\"1024\" \/>\n\t<meta property=\"og:image:height\" content=\"612\" \/>\n\t<meta property=\"og:image:type\" content=\"image\/png\" \/>\n<meta name=\"twitter:card\" content=\"summary_large_image\" \/>\n<meta name=\"twitter:label1\" content=\"Dur\u00e9e de lecture estim\u00e9e\" \/>\n\t<meta name=\"twitter:data1\" content=\"2 minutes\" \/>\n<script type=\"application\/ld+json\" class=\"yoast-schema-graph\">{\"@context\":\"https:\/\/schema.org\",\"@graph\":[{\"@type\":\"WebPage\",\"@id\":\"https:\/\/www.en-autarcie.ch\/index.php\/carnets-de-construction\/720-2\/\",\"url\":\"https:\/\/www.en-autarcie.ch\/index.php\/carnets-de-construction\/720-2\/\",\"name\":\"Deuxi\u00e8me soir\u00e9e \\\"portes ouvertes\\\" du chantier: \\\"on se r\u00e9jouit de voir \u00e7a quand ce sera termin\u00e9!\\\" - 17.04.16 - Maison Autarcique\",\"isPartOf\":{\"@id\":\"http:\/\/www.en-autarcie.ch\/#website\"},\"datePublished\":\"2016-04-03T19:17:40+00:00\",\"dateModified\":\"2016-07-03T16:03:08+00:00\",\"breadcrumb\":{\"@id\":\"https:\/\/www.en-autarcie.ch\/index.php\/carnets-de-construction\/720-2\/#breadcrumb\"},\"inLanguage\":\"fr-FR\",\"potentialAction\":[{\"@type\":\"ReadAction\",\"target\":[\"https:\/\/www.en-autarcie.ch\/index.php\/carnets-de-construction\/720-2\/\"]}]},{\"@type\":\"BreadcrumbList\",\"@id\":\"https:\/\/www.en-autarcie.ch\/index.php\/carnets-de-construction\/720-2\/#breadcrumb\",\"itemListElement\":[{\"@type\":\"ListItem\",\"position\":1,\"name\":\"Accueil\",\"item\":\"http:\/\/www.en-autarcie.ch\/\"},{\"@type\":\"ListItem\",\"position\":2,\"name\":\"Carnets de construction\",\"item\":\"http:\/\/www.en-autarcie.ch\/index.php\/carnets-de-construction\/\"},{\"@type\":\"ListItem\",\"position\":3,\"name\":\"Deuxi\u00e8me soir\u00e9e \u00ab\u00a0portes ouvertes\u00a0\u00bb du chantier: \u00ab\u00a0on se r\u00e9jouit de voir \u00e7a quand ce sera termin\u00e9!\u00a0\u00bb &#8211; 17.04.16\"}]},{\"@type\":\"WebSite\",\"@id\":\"http:\/\/www.en-autarcie.ch\/#website\",\"url\":\"http:\/\/www.en-autarcie.ch\/\",\"name\":\"Maison Autarcique\",\"description\":\"Premi\u00e8re maison autarcique, low-tech et permaculture de Suisse.\",\"potentialAction\":[{\"@type\":\"SearchAction\",\"target\":{\"@type\":\"EntryPoint\",\"urlTemplate\":\"http:\/\/www.en-autarcie.ch\/?s={search_term_string}\"},\"query-input\":\"required name=search_term_string\"}],\"inLanguage\":\"fr-FR\"}]}<\/script>\n<!-- \/ Yoast SEO plugin. -->","yoast_head_json":{"title":"Deuxi\u00e8me soir\u00e9e \"portes ouvertes\" du chantier: \"on se r\u00e9jouit de voir \u00e7a quand ce sera termin\u00e9!\" - 17.04.16 - Maison Autarcique","robots":{"index":"index","follow":"follow","max-snippet":"max-snippet:-1","max-image-preview":"max-image-preview:large","max-video-preview":"max-video-preview:-1"},"canonical":"https:\/\/www.en-autarcie.ch\/index.php\/carnets-de-construction\/720-2\/","og_locale":"fr_FR","og_type":"article","og_title":"Deuxi\u00e8me soir\u00e9e \"portes ouvertes\" du chantier: \"on se r\u00e9jouit de voir \u00e7a quand ce sera termin\u00e9!\" - 17.04.16 - Maison Autarcique","og_description":"Deux fois par mois les\u00a0jeudis soir, des visites du chantier EnAutarcie sont organis\u00e9es. R\u00e9cit de la derni\u00e8re \u00e9dition &#8211; 03.04.16 Dessinateur en b\u00e2timent, professionnel de la construction, amateur de construction \u00e9cologique ou tout simplement curieux, c\u2019est un petit public enthousiaste qui s\u2019est r\u00e9uni \u00e0 Ch\u00e2tillon le jeudi 31 mars. Deuxi\u00e8me soir\u00e9e\u00a0 de la sorte, les [&hellip;]","og_url":"https:\/\/www.en-autarcie.ch\/index.php\/carnets-de-construction\/720-2\/","og_site_name":"Maison Autarcique","article_modified_time":"2016-07-03T16:03:08+00:00","og_image":[{"width":1024,"height":612,"url":"https:\/\/www.en-autarcie.ch\/wp-content\/uploads\/2016\/04\/Visiteurs-1024x612.png","type":"image\/png"}],"twitter_card":"summary_large_image","twitter_misc":{"Dur\u00e9e de lecture estim\u00e9e":"2 minutes"},"schema":{"@context":"https:\/\/schema.org","@graph":[{"@type":"WebPage","@id":"https:\/\/www.en-autarcie.ch\/index.php\/carnets-de-construction\/720-2\/","url":"https:\/\/www.en-autarcie.ch\/index.php\/carnets-de-construction\/720-2\/","name":"Deuxi\u00e8me soir\u00e9e \"portes ouvertes\" du chantier: \"on se r\u00e9jouit de voir \u00e7a quand ce sera termin\u00e9!\" - 17.04.16 - Maison Autarcique","isPartOf":{"@id":"http:\/\/www.en-autarcie.ch\/#website"},"datePublished":"2016-04-03T19:17:40+00:00","dateModified":"2016-07-03T16:03:08+00:00","breadcrumb":{"@id":"https:\/\/www.en-autarcie.ch\/index.php\/carnets-de-construction\/720-2\/#breadcrumb"},"inLanguage":"fr-FR","potentialAction":[{"@type":"ReadAction","target":["https:\/\/www.en-autarcie.ch\/index.php\/carnets-de-construction\/720-2\/"]}]},{"@type":"BreadcrumbList","@id":"https:\/\/www.en-autarcie.ch\/index.php\/carnets-de-construction\/720-2\/#breadcrumb","itemListElement":[{"@type":"ListItem","position":1,"name":"Accueil","item":"http:\/\/www.en-autarcie.ch\/"},{"@type":"ListItem","position":2,"name":"Carnets de construction","item":"http:\/\/www.en-autarcie.ch\/index.php\/carnets-de-construction\/"},{"@type":"ListItem","position":3,"name":"Deuxi\u00e8me soir\u00e9e \u00ab\u00a0portes ouvertes\u00a0\u00bb du chantier: \u00ab\u00a0on se r\u00e9jouit de voir \u00e7a quand ce sera termin\u00e9!\u00a0\u00bb &#8211; 17.04.16"}]},{"@type":"WebSite","@id":"http:\/\/www.en-autarcie.ch\/#website","url":"http:\/\/www.en-autarcie.ch\/","name":"Maison Autarcique","description":"Premi\u00e8re maison autarcique, low-tech et permaculture de Suisse.","potentialAction":[{"@type":"SearchAction","target":{"@type":"EntryPoint","urlTemplate":"http:\/\/www.en-autarcie.ch\/?s={search_term_string}"},"query-input":"required name=search_term_string"}],"inLanguage":"fr-FR"}]}},"_links":{"self":[{"href":"https:\/\/www.en-autarcie.ch\/index.php\/wp-json\/wp\/v2\/pages\/720"}],"collection":[{"href":"https:\/\/www.en-autarcie.ch\/index.php\/wp-json\/wp\/v2\/pages"}],"about":[{"href":"https:\/\/www.en-autarcie.ch\/index.php\/wp-json\/wp\/v2\/types\/page"}],"author":[{"embeddable":true,"href":"https:\/\/www.en-autarcie.ch\/index.php\/wp-json\/wp\/v2\/users\/2"}],"replies":[{"embeddable":true,"href":"https:\/\/www.en-autarcie.ch\/index.php\/wp-json\/wp\/v2\/comments?post=720"}],"version-history":[{"count":13,"href":"https:\/\/www.en-autarcie.ch\/index.php\/wp-json\/wp\/v2\/pages\/720\/revisions"}],"predecessor-version":[{"id":783,"href":"https:\/\/www.en-autarcie.ch\/index.php\/wp-json\/wp\/v2\/pages\/720\/revisions\/783"}],"up":[{"embeddable":true,"href":"https:\/\/www.en-autarcie.ch\/index.php\/wp-json\/wp\/v2\/pages\/16"}],"wp:featuredmedia":[{"embeddable":true,"href":"https:\/\/www.en-autarcie.ch\/index.php\/wp-json\/wp\/v2\/media\/722"}],"wp:attachment":[{"href":"https:\/\/www.en-autarcie.ch\/index.php\/wp-json\/wp\/v2\/media?parent=720"}],"curies":[{"name":"wp","href":"https:\/\/api.w.org\/{rel}","templated":true}]}}